{"id":287,"date":"2021-07-27T11:13:29","date_gmt":"2021-07-27T09:13:29","guid":{"rendered":"https:\/\/www.toulouse-tri.com\/trigoulet\/?page_id=287"},"modified":"2022-02-16T17:07:24","modified_gmt":"2022-02-16T16:07:24","slug":"etre-benevole","status":"publish","type":"page","link":"https:\/\/www.toulouse-tri.com\/trigoulet\/etre-benevole\/","title":{"rendered":"Devenir b\u00e9n\u00e9vole"},"content":{"rendered":"\n<p>Tout organisation sportive repose sur l&rsquo;investissement formidable des nombreux b\u00e9n\u00e9voles. Le bon d\u00e9roulement et la s\u00e9curit\u00e9 de l&rsquo;\u00e9preuve sont assur\u00e9s gr\u00e2ce \u00e0 eux. Leur participation est n\u00e9cessaire \u00e0 toutes les \u00e9tapes de l&rsquo;\u00e9v\u00e8nement : avant, pendant et apr\u00e8s la course.<\/p>\n\n\n\n<p>Si vous souhaitez donner un peu de votre temps, que ce soit en amont de la course, le jour J ou apr\u00e8s, l&rsquo;\u00e9quipe des b\u00e9n\u00e9voles sera heureuse de vous compter parmi ses volontaires. Aucun pr\u00e9-requis n&rsquo;est exig\u00e9, il suffit d&rsquo;\u00eatre majeur : <strong>tout le monde peut devenir b\u00e9n\u00e9vole !<\/strong><\/p>\n\n\n\n<p>Pour cela, n&rsquo;h\u00e9sitez pas \u00e0 contacter l&rsquo;organisation <a href=\"mailto:trigoulet@toulouse-tri.com?subject=B\u00e9n\u00e9volat Trigoulet\">par email<\/a> en nous informant de vos disponibilit\u00e9s.<\/p>\n\n\n\n<hr class=\"wp-block-separator\"\/>\n\n\n\n<div class=\"wp-block-image\"><figure class=\"aligncenter size-large\"><img loading=\"lazy\" decoding=\"async\" width=\"1024\" height=\"292\" src=\"https:\/\/www.toulouse-tri.com\/trigoulet\/wp-content\/uploads\/2022\/02\/Benevoles-2021-1024x292.jpg\" alt=\"Les b\u00e9n\u00e9voles\" class=\"wp-image-672\" srcset=\"https:\/\/www.toulouse-tri.com\/trigoulet\/wp-content\/uploads\/2022\/02\/Benevoles-2021-1024x292.jpg 1024w, https:\/\/www.toulouse-tri.com\/trigoulet\/wp-content\/uploads\/2022\/02\/Benevoles-2021-300x86.jpg 300w, https:\/\/www.toulouse-tri.com\/trigoulet\/wp-content\/uploads\/2022\/02\/Benevoles-2021-768x219.jpg 768w, https:\/\/www.toulouse-tri.com\/trigoulet\/wp-content\/uploads\/2022\/02\/Benevoles-2021-1536x438.jpg 1536w, https:\/\/www.toulouse-tri.com\/trigoulet\/wp-content\/uploads\/2022\/02\/Benevoles-2021-920x263.jpg 920w, https:\/\/www.toulouse-tri.com\/trigoulet\/wp-content\/uploads\/2022\/02\/Benevoles-2021-230x66.jpg 230w, https:\/\/www.toulouse-tri.com\/trigoulet\/wp-content\/uploads\/2022\/02\/Benevoles-2021-350x100.jpg 350w, https:\/\/www.toulouse-tri.com\/trigoulet\/wp-content\/uploads\/2022\/02\/Benevoles-2021-480x137.jpg 480w, https:\/\/www.toulouse-tri.com\/trigoulet\/wp-content\/uploads\/2022\/02\/Benevoles-2021.jpg 1587w\" sizes=\"auto, (max-width: 1024px) 100vw, 1024px\" \/><figcaption>Il faut pas moins de 80 b\u00e9n\u00e9voles pour pouvoir organiser l&rsquo;\u00e9v\u00e9nement&#8230;<\/figcaption><\/figure><\/div>\n","protected":false},"excerpt":{"rendered":"<p>Tout organisation sportive repose sur l&rsquo;investissement formidable des nombreux b\u00e9n\u00e9voles. Le bon d\u00e9roulement et la s\u00e9curit\u00e9 de l&rsquo;\u00e9preuve sont assur\u00e9s gr\u00e2ce \u00e0 [&hellip;]<\/p>\n","protected":false},"author":3,"featured_media":0,"parent":0,"menu_order":0,"comment_status":"closed","ping_status":"closed","template":"page-templates\/page_fullwidth.php","meta":{"footnotes":"","_links_to":"","_links_to_target":""},"class_list":["post-287","page","type-page","status-publish","hentry"],"_links":{"self":[{"href":"https:\/\/www.toulouse-tri.com\/trigoulet\/wp-json\/wp\/v2\/pages\/287","targetHints":{"allow":["GET"]}}],"collection":[{"href":"https:\/\/www.toulouse-tri.com\/trigoulet\/wp-json\/wp\/v2\/pages"}],"about":[{"href":"https:\/\/www.toulouse-tri.com\/trigoulet\/wp-json\/wp\/v2\/types\/page"}],"author":[{"embeddable":true,"href":"https:\/\/www.toulouse-tri.com\/trigoulet\/wp-json\/wp\/v2\/users\/3"}],"replies":[{"embeddable":true,"href":"https:\/\/www.toulouse-tri.com\/trigoulet\/wp-json\/wp\/v2\/comments?post=287"}],"version-history":[{"count":11,"href":"https:\/\/www.toulouse-tri.com\/trigoulet\/wp-json\/wp\/v2\/pages\/287\/revisions"}],"predecessor-version":[{"id":675,"href":"https:\/\/www.toulouse-tri.com\/trigoulet\/wp-json\/wp\/v2\/pages\/287\/revisions\/675"}],"wp:attachment":[{"href":"https:\/\/www.toulouse-tri.com\/trigoulet\/wp-json\/wp\/v2\/media?parent=287"}],"curies":[{"name":"wp","href":"https:\/\/api.w.org\/{rel}","templated":true}]}}