{"id":9853,"date":"2021-04-27T08:25:29","date_gmt":"2021-04-27T06:25:29","guid":{"rendered":"https:\/\/www.toulouse-tri.com\/?post_type=product&#038;p=9853"},"modified":"2026-01-08T11:41:14","modified_gmt":"2026-01-08T10:41:14","slug":"maillot-1-piece-natation-femme","status":"publish","type":"product","link":"https:\/\/www.toulouse-tri.com\/?product=maillot-1-piece-natation-femme","title":{"rendered":"Maillot de bain Femme (1 pi\u00e8ce)"},"content":{"rendered":"<p>Ce maillot Turbo est sp\u00e9cialement con\u00e7u pour la natation. Les bretelles fines offrent une totale libert\u00e9 de mouvement et de flexibilit\u00e9, s&#8217;adaptant parfaitement au corps de la femme. Il r\u00e9siste au chlore de la piscine et aux rayons UV.<\/p>\n<p>Description sur le site de <a href=\"https:\/\/turboswim.com\/fr\/femmes\/maillot-de-bain-bretelles-fines\/maillot-de-bain-natation-femme-basico-classic-bretelles-fines-896242.html\">TurboSwim<\/a><\/p>\n<p><strong>Attention :<\/strong> Cet article a une taille plus petite que d&#8217;habitude, et par cons\u00e9quent, nous vous recommandons d&#8217;opter pour une taille plus grande que d&#8217;habitude.<\/p>\n<p>&nbsp;<\/p>\n<p><strong>GUIDE DES TAILLES :<\/strong><\/p>\n<p><img loading=\"lazy\" decoding=\"async\" class=\"alignnone size-medium wp-image-9845\" src=\"http:\/\/www.toulouse-tri.com\/wp-content\/uploads\/2021\/04\/Guide-Taille-Turbo-femme-212x300.jpg\" alt=\"\" width=\"212\" height=\"300\" srcset=\"https:\/\/www.toulouse-tri.com\/wp-content\/uploads\/2021\/04\/Guide-Taille-Turbo-femme-212x300.jpg 212w, https:\/\/www.toulouse-tri.com\/wp-content\/uploads\/2021\/04\/Guide-Taille-Turbo-femme-724x1024.jpg 724w, https:\/\/www.toulouse-tri.com\/wp-content\/uploads\/2021\/04\/Guide-Taille-Turbo-femme-768x1086.jpg 768w, https:\/\/www.toulouse-tri.com\/wp-content\/uploads\/2021\/04\/Guide-Taille-Turbo-femme-1086x1536.jpg 1086w, https:\/\/www.toulouse-tri.com\/wp-content\/uploads\/2021\/04\/Guide-Taille-Turbo-femme-400x566.jpg 400w, https:\/\/www.toulouse-tri.com\/wp-content\/uploads\/2021\/04\/Guide-Taille-Turbo-femme.jpg 1100w\" sizes=\"auto, (max-width: 212px) 100vw, 212px\" \/><\/p>\n<p><b>COMPOSITION :<br \/>\n<\/b>55% Polyester PBT, 45% Polyester<\/p>\n<p><strong>CONSEILS DE LAVAGE :<br \/>\n<img loading=\"lazy\" decoding=\"async\" class=\"alignnone size-medium wp-image-9840\" src=\"http:\/\/www.toulouse-tri.com\/wp-content\/uploads\/2021\/04\/Entretien-Turboswim-300x167.png\" alt=\"\" width=\"300\" height=\"167\" srcset=\"https:\/\/www.toulouse-tri.com\/wp-content\/uploads\/2021\/04\/Entretien-Turboswim-300x167.png 300w, https:\/\/www.toulouse-tri.com\/wp-content\/uploads\/2021\/04\/Entretien-Turboswim-1024x569.png 1024w, https:\/\/www.toulouse-tri.com\/wp-content\/uploads\/2021\/04\/Entretien-Turboswim-768x427.png 768w, https:\/\/www.toulouse-tri.com\/wp-content\/uploads\/2021\/04\/Entretien-Turboswim-400x222.png 400w, https:\/\/www.toulouse-tri.com\/wp-content\/uploads\/2021\/04\/Entretien-Turboswim.png 1283w\" sizes=\"auto, (max-width: 300px) 100vw, 300px\" \/><br \/>\n<\/strong><\/p>\n","protected":false},"excerpt":{"rendered":"<p>Maillot de bain &#8220;1 pi\u00e8ce&#8221; parfait pour les s\u00e9ances d&#8217;entrainement<\/p>\n<p>&nbsp;<\/p>\n","protected":false},"featured_media":9844,"template":"","meta":{"_links_to":"","_links_to_target":""},"product_brand":[235],"product_cat":[208],"product_tag":[182],"class_list":{"0":"post-9853","1":"product","2":"type-product","3":"status-publish","4":"has-post-thumbnail","6":"product_brand-turbo","7":"product_cat-natation","8":"product_tag-sur-commande","10":"first","11":"instock","12":"shipping-taxable","13":"purchasable","14":"product-type-variable"},"yoast_head":"<!-- This site is optimized with the Yoast SEO plugin v27.4 - https:\/\/yoast.com\/product\/yoast-seo-wordpress\/ -->\n<title>Maillot de bain Femme (1 pi\u00e8ce) - Toulouse Triathlon<\/title>\n<meta name=\"robots\" content=\"index, follow, max-snippet:-1, max-image-preview:large, max-video-preview:-1\" \/>\n<link rel=\"canonical\" href=\"https:\/\/www.toulouse-tri.com\/?product=maillot-1-piece-natation-femme\" \/>\n<meta property=\"og:locale\" content=\"fr_FR\" \/>\n<meta property=\"og:type\" content=\"article\" \/>\n<meta property=\"og:title\" content=\"Maillot de bain Femme (1 pi\u00e8ce) - Toulouse Triathlon\" \/>\n<meta property=\"og:description\" content=\"Maillot de bain &quot;1 pi\u00e8ce&quot; parfait pour les s\u00e9ances d&#039;entrainement  &nbsp;\" \/>\n<meta property=\"og:url\" content=\"https:\/\/www.toulouse-tri.com\/?product=maillot-1-piece-natation-femme\" \/>\n<meta property=\"og:site_name\" content=\"Toulouse Triathlon\" \/>\n<meta property=\"article:modified_time\" content=\"2026-01-08T10:41:14+00:00\" \/>\n<meta property=\"og:image\" content=\"http:\/\/www.toulouse-tri.com\/wp-content\/uploads\/2021\/04\/THIN-STRAP.jpg\" \/>\n\t<meta property=\"og:image:width\" content=\"415\" \/>\n\t<meta property=\"og:image:height\" content=\"450\" \/>\n\t<meta property=\"og:image:type\" content=\"image\/jpeg\" \/>\n<meta name=\"twitter:card\" content=\"summary_large_image\" \/>\n<meta name=\"twitter:label1\" content=\"Dur\u00e9e de lecture estim\u00e9e\" \/>\n\t<meta name=\"twitter:data1\" content=\"2 minutes\" \/>\n<script type=\"application\/ld+json\" class=\"yoast-schema-graph\">{\"@context\":\"https:\\\/\\\/schema.org\",\"@graph\":[{\"@type\":\"WebPage\",\"@id\":\"https:\\\/\\\/www.toulouse-tri.com\\\/?product=maillot-1-piece-natation-femme\",\"url\":\"https:\\\/\\\/www.toulouse-tri.com\\\/?product=maillot-1-piece-natation-femme\",\"name\":\"Maillot de bain Femme (1 pi\u00e8ce) - Toulouse Triathlon\",\"isPartOf\":{\"@id\":\"https:\\\/\\\/www.toulouse-tri.com\\\/#website\"},\"primaryImageOfPage\":{\"@id\":\"https:\\\/\\\/www.toulouse-tri.com\\\/?product=maillot-1-piece-natation-femme#primaryimage\"},\"image\":{\"@id\":\"https:\\\/\\\/www.toulouse-tri.com\\\/?product=maillot-1-piece-natation-femme#primaryimage\"},\"thumbnailUrl\":\"https:\\\/\\\/www.toulouse-tri.com\\\/wp-content\\\/uploads\\\/2021\\\/04\\\/THIN-STRAP.jpg\",\"datePublished\":\"2021-04-27T06:25:29+00:00\",\"dateModified\":\"2026-01-08T10:41:14+00:00\",\"breadcrumb\":{\"@id\":\"https:\\\/\\\/www.toulouse-tri.com\\\/?product=maillot-1-piece-natation-femme#breadcrumb\"},\"inLanguage\":\"fr-FR\",\"potentialAction\":[{\"@type\":\"ReadAction\",\"target\":[\"https:\\\/\\\/www.toulouse-tri.com\\\/?product=maillot-1-piece-natation-femme\"]}]},{\"@type\":\"ImageObject\",\"inLanguage\":\"fr-FR\",\"@id\":\"https:\\\/\\\/www.toulouse-tri.com\\\/?product=maillot-1-piece-natation-femme#primaryimage\",\"url\":\"https:\\\/\\\/www.toulouse-tri.com\\\/wp-content\\\/uploads\\\/2021\\\/04\\\/THIN-STRAP.jpg\",\"contentUrl\":\"https:\\\/\\\/www.toulouse-tri.com\\\/wp-content\\\/uploads\\\/2021\\\/04\\\/THIN-STRAP.jpg\",\"width\":415,\"height\":450},{\"@type\":\"BreadcrumbList\",\"@id\":\"https:\\\/\\\/www.toulouse-tri.com\\\/?product=maillot-1-piece-natation-femme#breadcrumb\",\"itemListElement\":[{\"@type\":\"ListItem\",\"position\":1,\"name\":\"Accueil\",\"item\":\"https:\\\/\\\/www.toulouse-tri.com\\\/\"},{\"@type\":\"ListItem\",\"position\":2,\"name\":\"Boutique\",\"item\":\"https:\\\/\\\/www.toulouse-tri.com\\\/?page_id=8671\"},{\"@type\":\"ListItem\",\"position\":3,\"name\":\"Maillot de bain Femme (1 pi\u00e8ce)\"}]},{\"@type\":\"WebSite\",\"@id\":\"https:\\\/\\\/www.toulouse-tri.com\\\/#website\",\"url\":\"https:\\\/\\\/www.toulouse-tri.com\\\/\",\"name\":\"Toulouse Triathlon\",\"description\":\"Power Meuh\",\"publisher\":{\"@id\":\"https:\\\/\\\/www.toulouse-tri.com\\\/#organization\"},\"potentialAction\":[{\"@type\":\"SearchAction\",\"target\":{\"@type\":\"EntryPoint\",\"urlTemplate\":\"https:\\\/\\\/www.toulouse-tri.com\\\/?s={search_term_string}\"},\"query-input\":{\"@type\":\"PropertyValueSpecification\",\"valueRequired\":true,\"valueName\":\"search_term_string\"}}],\"inLanguage\":\"fr-FR\"},{\"@type\":\"Organization\",\"@id\":\"https:\\\/\\\/www.toulouse-tri.com\\\/#organization\",\"name\":\"Toulouse Triathlon\",\"url\":\"https:\\\/\\\/www.toulouse-tri.com\\\/\",\"logo\":{\"@type\":\"ImageObject\",\"inLanguage\":\"fr-FR\",\"@id\":\"https:\\\/\\\/www.toulouse-tri.com\\\/#\\\/schema\\\/logo\\\/image\\\/\",\"url\":\"https:\\\/\\\/www.toulouse-tri.com\\\/wp-content\\\/uploads\\\/2015\\\/03\\\/pwrmeuh.gif\",\"contentUrl\":\"https:\\\/\\\/www.toulouse-tri.com\\\/wp-content\\\/uploads\\\/2015\\\/03\\\/pwrmeuh.gif\",\"width\":224,\"height\":176,\"caption\":\"Toulouse Triathlon\"},\"image\":{\"@id\":\"https:\\\/\\\/www.toulouse-tri.com\\\/#\\\/schema\\\/logo\\\/image\\\/\"}}]}<\/script>\n<!-- \/ Yoast SEO plugin. -->","yoast_head_json":{"title":"Maillot de bain Femme (1 pi\u00e8ce) - Toulouse Triathlon","robots":{"index":"index","follow":"follow","max-snippet":"max-snippet:-1","max-image-preview":"max-image-preview:large","max-video-preview":"max-video-preview:-1"},"canonical":"https:\/\/www.toulouse-tri.com\/?product=maillot-1-piece-natation-femme","og_locale":"fr_FR","og_type":"article","og_title":"Maillot de bain Femme (1 pi\u00e8ce) - Toulouse Triathlon","og_description":"Maillot de bain \"1 pi\u00e8ce\" parfait pour les s\u00e9ances d'entrainement  &nbsp;","og_url":"https:\/\/www.toulouse-tri.com\/?product=maillot-1-piece-natation-femme","og_site_name":"Toulouse Triathlon","article_modified_time":"2026-01-08T10:41:14+00:00","og_image":[{"width":415,"height":450,"url":"http:\/\/www.toulouse-tri.com\/wp-content\/uploads\/2021\/04\/THIN-STRAP.jpg","type":"image\/jpeg"}],"twitter_card":"summary_large_image","twitter_misc":{"Dur\u00e9e de lecture estim\u00e9e":"2 minutes"},"schema":{"@context":"https:\/\/schema.org","@graph":[{"@type":"WebPage","@id":"https:\/\/www.toulouse-tri.com\/?product=maillot-1-piece-natation-femme","url":"https:\/\/www.toulouse-tri.com\/?product=maillot-1-piece-natation-femme","name":"Maillot de bain Femme (1 pi\u00e8ce) - Toulouse Triathlon","isPartOf":{"@id":"https:\/\/www.toulouse-tri.com\/#website"},"primaryImageOfPage":{"@id":"https:\/\/www.toulouse-tri.com\/?product=maillot-1-piece-natation-femme#primaryimage"},"image":{"@id":"https:\/\/www.toulouse-tri.com\/?product=maillot-1-piece-natation-femme#primaryimage"},"thumbnailUrl":"https:\/\/www.toulouse-tri.com\/wp-content\/uploads\/2021\/04\/THIN-STRAP.jpg","datePublished":"2021-04-27T06:25:29+00:00","dateModified":"2026-01-08T10:41:14+00:00","breadcrumb":{"@id":"https:\/\/www.toulouse-tri.com\/?product=maillot-1-piece-natation-femme#breadcrumb"},"inLanguage":"fr-FR","potentialAction":[{"@type":"ReadAction","target":["https:\/\/www.toulouse-tri.com\/?product=maillot-1-piece-natation-femme"]}]},{"@type":"ImageObject","inLanguage":"fr-FR","@id":"https:\/\/www.toulouse-tri.com\/?product=maillot-1-piece-natation-femme#primaryimage","url":"https:\/\/www.toulouse-tri.com\/wp-content\/uploads\/2021\/04\/THIN-STRAP.jpg","contentUrl":"https:\/\/www.toulouse-tri.com\/wp-content\/uploads\/2021\/04\/THIN-STRAP.jpg","width":415,"height":450},{"@type":"BreadcrumbList","@id":"https:\/\/www.toulouse-tri.com\/?product=maillot-1-piece-natation-femme#breadcrumb","itemListElement":[{"@type":"ListItem","position":1,"name":"Accueil","item":"https:\/\/www.toulouse-tri.com\/"},{"@type":"ListItem","position":2,"name":"Boutique","item":"https:\/\/www.toulouse-tri.com\/?page_id=8671"},{"@type":"ListItem","position":3,"name":"Maillot de bain Femme (1 pi\u00e8ce)"}]},{"@type":"WebSite","@id":"https:\/\/www.toulouse-tri.com\/#website","url":"https:\/\/www.toulouse-tri.com\/","name":"Toulouse Triathlon","description":"Power Meuh","publisher":{"@id":"https:\/\/www.toulouse-tri.com\/#organization"},"potentialAction":[{"@type":"SearchAction","target":{"@type":"EntryPoint","urlTemplate":"https:\/\/www.toulouse-tri.com\/?s={search_term_string}"},"query-input":{"@type":"PropertyValueSpecification","valueRequired":true,"valueName":"search_term_string"}}],"inLanguage":"fr-FR"},{"@type":"Organization","@id":"https:\/\/www.toulouse-tri.com\/#organization","name":"Toulouse Triathlon","url":"https:\/\/www.toulouse-tri.com\/","logo":{"@type":"ImageObject","inLanguage":"fr-FR","@id":"https:\/\/www.toulouse-tri.com\/#\/schema\/logo\/image\/","url":"https:\/\/www.toulouse-tri.com\/wp-content\/uploads\/2015\/03\/pwrmeuh.gif","contentUrl":"https:\/\/www.toulouse-tri.com\/wp-content\/uploads\/2015\/03\/pwrmeuh.gif","width":224,"height":176,"caption":"Toulouse Triathlon"},"image":{"@id":"https:\/\/www.toulouse-tri.com\/#\/schema\/logo\/image\/"}}]}},"_links":{"self":[{"href":"https:\/\/www.toulouse-tri.com\/index.php?rest_route=\/wp\/v2\/product\/9853","targetHints":{"allow":["GET"]}}],"collection":[{"href":"https:\/\/www.toulouse-tri.com\/index.php?rest_route=\/wp\/v2\/product"}],"about":[{"href":"https:\/\/www.toulouse-tri.com\/index.php?rest_route=\/wp\/v2\/types\/product"}],"wp:featuredmedia":[{"embeddable":true,"href":"https:\/\/www.toulouse-tri.com\/index.php?rest_route=\/wp\/v2\/media\/9844"}],"wp:attachment":[{"href":"https:\/\/www.toulouse-tri.com\/index.php?rest_route=%2Fwp%2Fv2%2Fmedia&parent=9853"}],"wp:term":[{"taxonomy":"product_brand","embeddable":true,"href":"https:\/\/www.toulouse-tri.com\/index.php?rest_route=%2Fwp%2Fv2%2Fproduct_brand&post=9853"},{"taxonomy":"product_cat","embeddable":true,"href":"https:\/\/www.toulouse-tri.com\/index.php?rest_route=%2Fwp%2Fv2%2Fproduct_cat&post=9853"},{"taxonomy":"product_tag","embeddable":true,"href":"https:\/\/www.toulouse-tri.com\/index.php?rest_route=%2Fwp%2Fv2%2Fproduct_tag&post=9853"}],"curies":[{"name":"wp","href":"https:\/\/api.w.org\/{rel}","templated":true}]}}