{"id":9058,"date":"2021-02-22T23:48:39","date_gmt":"2021-02-22T22:48:39","guid":{"rendered":"http:\/\/www.toulouse-tri.com\/?post_type=product&#038;p=9058"},"modified":"2026-01-20T16:06:58","modified_gmt":"2026-01-20T15:06:58","slug":"shorty-triathlon-ancienne-collection","status":"publish","type":"product","link":"https:\/\/www.toulouse-tri.com\/?product=shorty-triathlon-ancienne-collection","title":{"rendered":"Shorty triathlon ancienne collection"},"content":{"rendered":"<p>Short de triathlon pour les longues distances.<\/p>\n","protected":false},"excerpt":{"rendered":"<p>Ce shorty est destin\u00e9 \u00e0 la pratique du triathlon longue distance. Son patronage est r\u00e9alis\u00e9 pour une pratique du long, avec des poches lat\u00e9rales ainsi qu&#8217;un pad (chamoisine sp\u00e9cifique au triathlon). Il utilise un tissu trait\u00e9 au t\u00e9flon (l&#8217;eau d\u00e9perlera \u00e0 son contact), qui vous permettra d&#8217;am\u00e9liorer votre glisse mais aussi d&#8217;avoir un temps de s\u00e9chage ultra rapide.<\/p>\n<p><strong>GUIDE DES TAILLES :<br \/>\n<\/strong><strong><span style=\"color: #ff0000;\">Attention, le mod\u00e8le femme taille tr\u00e8s petit&#8230;<\/span><br \/>\n<a href=\"http:\/\/www.toulouse-tri.com\/wp-content\/uploads\/2021\/02\/Guide-de-tailles-ZeroD.png\"><img loading=\"lazy\" decoding=\"async\" class=\"aligncenter size-full wp-image-9045\" src=\"http:\/\/www.toulouse-tri.com\/wp-content\/uploads\/2021\/02\/Guide-de-tailles-ZeroD.png\" alt=\"\" width=\"635\" height=\"476\" srcset=\"https:\/\/www.toulouse-tri.com\/wp-content\/uploads\/2021\/02\/Guide-de-tailles-ZeroD.png 635w, https:\/\/www.toulouse-tri.com\/wp-content\/uploads\/2021\/02\/Guide-de-tailles-ZeroD-300x225.png 300w, https:\/\/www.toulouse-tri.com\/wp-content\/uploads\/2021\/02\/Guide-de-tailles-ZeroD-400x300.png 400w\" sizes=\"auto, (max-width: 635px) 100vw, 635px\" \/><\/a><\/strong><\/p>\n<p><strong>COMPOSITION :<\/strong><br \/>\n80 % Polyamide 20% \u00c9lasthanne<\/p>\n<p><strong>CONSEILS DE LAVAGE :<br \/>\n<a href=\"http:\/\/www.toulouse-tri.com\/wp-content\/uploads\/2021\/02\/Conseils-de-lavage-ZeroD.jpg\"><img loading=\"lazy\" decoding=\"async\" class=\"aligncenter size-full wp-image-9044\" src=\"http:\/\/www.toulouse-tri.com\/wp-content\/uploads\/2021\/02\/Conseils-de-lavage-ZeroD.jpg\" alt=\"\" width=\"503\" height=\"325\" srcset=\"https:\/\/www.toulouse-tri.com\/wp-content\/uploads\/2021\/02\/Conseils-de-lavage-ZeroD.jpg 503w, https:\/\/www.toulouse-tri.com\/wp-content\/uploads\/2021\/02\/Conseils-de-lavage-ZeroD-300x194.jpg 300w, https:\/\/www.toulouse-tri.com\/wp-content\/uploads\/2021\/02\/Conseils-de-lavage-ZeroD-400x258.jpg 400w\" sizes=\"auto, (max-width: 503px) 100vw, 503px\" \/><\/a><\/strong><\/p>\n","protected":false},"featured_media":9030,"template":"","meta":{"_links_to":"","_links_to_target":""},"product_brand":[234],"product_cat":[163,161],"product_tag":[166],"class_list":{"0":"post-9058","1":"product","2":"type-product","3":"status-publish","4":"has-post-thumbnail","6":"product_brand-zerod","7":"product_cat-course","8":"product_cat-triathlon","9":"product_tag-bonnes-affaires","11":"first","12":"instock","13":"sale","14":"shipping-taxable","15":"purchasable","16":"product-type-variable"},"yoast_head":"<!-- This site is optimized with the Yoast SEO plugin v27.4 - https:\/\/yoast.com\/product\/yoast-seo-wordpress\/ -->\n<title>Shorty triathlon ancienne collection - Toulouse Triathlon<\/title>\n<meta name=\"robots\" content=\"index, follow, max-snippet:-1, max-image-preview:large, max-video-preview:-1\" \/>\n<link rel=\"canonical\" href=\"https:\/\/www.toulouse-tri.com\/?product=shorty-triathlon-ancienne-collection\" \/>\n<meta property=\"og:locale\" content=\"fr_FR\" \/>\n<meta property=\"og:type\" content=\"article\" \/>\n<meta property=\"og:title\" content=\"Shorty triathlon ancienne collection - Toulouse Triathlon\" \/>\n<meta property=\"og:description\" content=\"Ce shorty est destin\u00e9 \u00e0 la pratique du triathlon longue distance. Son patronage est r\u00e9alis\u00e9 pour une pratique du long, avec des poches lat\u00e9rales ainsi qu&#039;un pad (chamoisine sp\u00e9cifique au triathlon). Il utilise un tissu trait\u00e9 au t\u00e9flon (l&#039;eau d\u00e9perlera \u00e0 son contact), qui vous permettra d&#039;am\u00e9liorer votre glisse mais aussi d&#039;avoir un temps de s\u00e9chage ultra rapide.  GUIDE DES TAILLES : Attention, le mod\u00e8le femme taille tr\u00e8s petit...   COMPOSITION : 80 % Polyamide 20% \u00c9lasthanne  CONSEILS DE LAVAGE :\" \/>\n<meta property=\"og:url\" content=\"https:\/\/www.toulouse-tri.com\/?product=shorty-triathlon-ancienne-collection\" \/>\n<meta property=\"og:site_name\" content=\"Toulouse Triathlon\" \/>\n<meta property=\"article:modified_time\" content=\"2026-01-20T15:06:58+00:00\" \/>\n<meta property=\"og:image\" content=\"http:\/\/www.toulouse-tri.com\/wp-content\/uploads\/2021\/02\/Shorty-devant.jpg\" \/>\n\t<meta property=\"og:image:width\" content=\"378\" \/>\n\t<meta property=\"og:image:height\" content=\"378\" \/>\n\t<meta property=\"og:image:type\" content=\"image\/jpeg\" \/>\n<meta name=\"twitter:card\" content=\"summary_large_image\" \/>\n<meta name=\"twitter:label1\" content=\"Dur\u00e9e de lecture estim\u00e9e\" \/>\n\t<meta name=\"twitter:data1\" content=\"1 minute\" \/>\n<script type=\"application\/ld+json\" class=\"yoast-schema-graph\">{\"@context\":\"https:\\\/\\\/schema.org\",\"@graph\":[{\"@type\":\"WebPage\",\"@id\":\"https:\\\/\\\/www.toulouse-tri.com\\\/?product=shorty-triathlon-ancienne-collection\",\"url\":\"https:\\\/\\\/www.toulouse-tri.com\\\/?product=shorty-triathlon-ancienne-collection\",\"name\":\"Shorty triathlon ancienne collection - Toulouse Triathlon\",\"isPartOf\":{\"@id\":\"https:\\\/\\\/www.toulouse-tri.com\\\/#website\"},\"primaryImageOfPage\":{\"@id\":\"https:\\\/\\\/www.toulouse-tri.com\\\/?product=shorty-triathlon-ancienne-collection#primaryimage\"},\"image\":{\"@id\":\"https:\\\/\\\/www.toulouse-tri.com\\\/?product=shorty-triathlon-ancienne-collection#primaryimage\"},\"thumbnailUrl\":\"https:\\\/\\\/www.toulouse-tri.com\\\/wp-content\\\/uploads\\\/2021\\\/02\\\/Shorty-devant.jpg\",\"datePublished\":\"2021-02-22T22:48:39+00:00\",\"dateModified\":\"2026-01-20T15:06:58+00:00\",\"breadcrumb\":{\"@id\":\"https:\\\/\\\/www.toulouse-tri.com\\\/?product=shorty-triathlon-ancienne-collection#breadcrumb\"},\"inLanguage\":\"fr-FR\",\"potentialAction\":[{\"@type\":\"ReadAction\",\"target\":[\"https:\\\/\\\/www.toulouse-tri.com\\\/?product=shorty-triathlon-ancienne-collection\"]}]},{\"@type\":\"ImageObject\",\"inLanguage\":\"fr-FR\",\"@id\":\"https:\\\/\\\/www.toulouse-tri.com\\\/?product=shorty-triathlon-ancienne-collection#primaryimage\",\"url\":\"https:\\\/\\\/www.toulouse-tri.com\\\/wp-content\\\/uploads\\\/2021\\\/02\\\/Shorty-devant.jpg\",\"contentUrl\":\"https:\\\/\\\/www.toulouse-tri.com\\\/wp-content\\\/uploads\\\/2021\\\/02\\\/Shorty-devant.jpg\",\"width\":378,\"height\":378},{\"@type\":\"BreadcrumbList\",\"@id\":\"https:\\\/\\\/www.toulouse-tri.com\\\/?product=shorty-triathlon-ancienne-collection#breadcrumb\",\"itemListElement\":[{\"@type\":\"ListItem\",\"position\":1,\"name\":\"Accueil\",\"item\":\"https:\\\/\\\/www.toulouse-tri.com\\\/\"},{\"@type\":\"ListItem\",\"position\":2,\"name\":\"Boutique\",\"item\":\"https:\\\/\\\/www.toulouse-tri.com\\\/?page_id=8671\"},{\"@type\":\"ListItem\",\"position\":3,\"name\":\"Shorty triathlon ancienne collection\"}]},{\"@type\":\"WebSite\",\"@id\":\"https:\\\/\\\/www.toulouse-tri.com\\\/#website\",\"url\":\"https:\\\/\\\/www.toulouse-tri.com\\\/\",\"name\":\"Toulouse Triathlon\",\"description\":\"Power Meuh\",\"publisher\":{\"@id\":\"https:\\\/\\\/www.toulouse-tri.com\\\/#organization\"},\"potentialAction\":[{\"@type\":\"SearchAction\",\"target\":{\"@type\":\"EntryPoint\",\"urlTemplate\":\"https:\\\/\\\/www.toulouse-tri.com\\\/?s={search_term_string}\"},\"query-input\":{\"@type\":\"PropertyValueSpecification\",\"valueRequired\":true,\"valueName\":\"search_term_string\"}}],\"inLanguage\":\"fr-FR\"},{\"@type\":\"Organization\",\"@id\":\"https:\\\/\\\/www.toulouse-tri.com\\\/#organization\",\"name\":\"Toulouse Triathlon\",\"url\":\"https:\\\/\\\/www.toulouse-tri.com\\\/\",\"logo\":{\"@type\":\"ImageObject\",\"inLanguage\":\"fr-FR\",\"@id\":\"https:\\\/\\\/www.toulouse-tri.com\\\/#\\\/schema\\\/logo\\\/image\\\/\",\"url\":\"https:\\\/\\\/www.toulouse-tri.com\\\/wp-content\\\/uploads\\\/2015\\\/03\\\/pwrmeuh.gif\",\"contentUrl\":\"https:\\\/\\\/www.toulouse-tri.com\\\/wp-content\\\/uploads\\\/2015\\\/03\\\/pwrmeuh.gif\",\"width\":224,\"height\":176,\"caption\":\"Toulouse Triathlon\"},\"image\":{\"@id\":\"https:\\\/\\\/www.toulouse-tri.com\\\/#\\\/schema\\\/logo\\\/image\\\/\"}}]}<\/script>\n<!-- \/ Yoast SEO plugin. -->","yoast_head_json":{"title":"Shorty triathlon ancienne collection - Toulouse Triathlon","robots":{"index":"index","follow":"follow","max-snippet":"max-snippet:-1","max-image-preview":"max-image-preview:large","max-video-preview":"max-video-preview:-1"},"canonical":"https:\/\/www.toulouse-tri.com\/?product=shorty-triathlon-ancienne-collection","og_locale":"fr_FR","og_type":"article","og_title":"Shorty triathlon ancienne collection - Toulouse Triathlon","og_description":"Ce shorty est destin\u00e9 \u00e0 la pratique du triathlon longue distance. Son patronage est r\u00e9alis\u00e9 pour une pratique du long, avec des poches lat\u00e9rales ainsi qu'un pad (chamoisine sp\u00e9cifique au triathlon). Il utilise un tissu trait\u00e9 au t\u00e9flon (l'eau d\u00e9perlera \u00e0 son contact), qui vous permettra d'am\u00e9liorer votre glisse mais aussi d'avoir un temps de s\u00e9chage ultra rapide.  GUIDE DES TAILLES : Attention, le mod\u00e8le femme taille tr\u00e8s petit...   COMPOSITION : 80 % Polyamide 20% \u00c9lasthanne  CONSEILS DE LAVAGE :","og_url":"https:\/\/www.toulouse-tri.com\/?product=shorty-triathlon-ancienne-collection","og_site_name":"Toulouse Triathlon","article_modified_time":"2026-01-20T15:06:58+00:00","og_image":[{"width":378,"height":378,"url":"http:\/\/www.toulouse-tri.com\/wp-content\/uploads\/2021\/02\/Shorty-devant.jpg","type":"image\/jpeg"}],"twitter_card":"summary_large_image","twitter_misc":{"Dur\u00e9e de lecture estim\u00e9e":"1 minute"},"schema":{"@context":"https:\/\/schema.org","@graph":[{"@type":"WebPage","@id":"https:\/\/www.toulouse-tri.com\/?product=shorty-triathlon-ancienne-collection","url":"https:\/\/www.toulouse-tri.com\/?product=shorty-triathlon-ancienne-collection","name":"Shorty triathlon ancienne collection - Toulouse Triathlon","isPartOf":{"@id":"https:\/\/www.toulouse-tri.com\/#website"},"primaryImageOfPage":{"@id":"https:\/\/www.toulouse-tri.com\/?product=shorty-triathlon-ancienne-collection#primaryimage"},"image":{"@id":"https:\/\/www.toulouse-tri.com\/?product=shorty-triathlon-ancienne-collection#primaryimage"},"thumbnailUrl":"https:\/\/www.toulouse-tri.com\/wp-content\/uploads\/2021\/02\/Shorty-devant.jpg","datePublished":"2021-02-22T22:48:39+00:00","dateModified":"2026-01-20T15:06:58+00:00","breadcrumb":{"@id":"https:\/\/www.toulouse-tri.com\/?product=shorty-triathlon-ancienne-collection#breadcrumb"},"inLanguage":"fr-FR","potentialAction":[{"@type":"ReadAction","target":["https:\/\/www.toulouse-tri.com\/?product=shorty-triathlon-ancienne-collection"]}]},{"@type":"ImageObject","inLanguage":"fr-FR","@id":"https:\/\/www.toulouse-tri.com\/?product=shorty-triathlon-ancienne-collection#primaryimage","url":"https:\/\/www.toulouse-tri.com\/wp-content\/uploads\/2021\/02\/Shorty-devant.jpg","contentUrl":"https:\/\/www.toulouse-tri.com\/wp-content\/uploads\/2021\/02\/Shorty-devant.jpg","width":378,"height":378},{"@type":"BreadcrumbList","@id":"https:\/\/www.toulouse-tri.com\/?product=shorty-triathlon-ancienne-collection#breadcrumb","itemListElement":[{"@type":"ListItem","position":1,"name":"Accueil","item":"https:\/\/www.toulouse-tri.com\/"},{"@type":"ListItem","position":2,"name":"Boutique","item":"https:\/\/www.toulouse-tri.com\/?page_id=8671"},{"@type":"ListItem","position":3,"name":"Shorty triathlon ancienne collection"}]},{"@type":"WebSite","@id":"https:\/\/www.toulouse-tri.com\/#website","url":"https:\/\/www.toulouse-tri.com\/","name":"Toulouse Triathlon","description":"Power Meuh","publisher":{"@id":"https:\/\/www.toulouse-tri.com\/#organization"},"potentialAction":[{"@type":"SearchAction","target":{"@type":"EntryPoint","urlTemplate":"https:\/\/www.toulouse-tri.com\/?s={search_term_string}"},"query-input":{"@type":"PropertyValueSpecification","valueRequired":true,"valueName":"search_term_string"}}],"inLanguage":"fr-FR"},{"@type":"Organization","@id":"https:\/\/www.toulouse-tri.com\/#organization","name":"Toulouse Triathlon","url":"https:\/\/www.toulouse-tri.com\/","logo":{"@type":"ImageObject","inLanguage":"fr-FR","@id":"https:\/\/www.toulouse-tri.com\/#\/schema\/logo\/image\/","url":"https:\/\/www.toulouse-tri.com\/wp-content\/uploads\/2015\/03\/pwrmeuh.gif","contentUrl":"https:\/\/www.toulouse-tri.com\/wp-content\/uploads\/2015\/03\/pwrmeuh.gif","width":224,"height":176,"caption":"Toulouse Triathlon"},"image":{"@id":"https:\/\/www.toulouse-tri.com\/#\/schema\/logo\/image\/"}}]}},"_links":{"self":[{"href":"https:\/\/www.toulouse-tri.com\/index.php?rest_route=\/wp\/v2\/product\/9058","targetHints":{"allow":["GET"]}}],"collection":[{"href":"https:\/\/www.toulouse-tri.com\/index.php?rest_route=\/wp\/v2\/product"}],"about":[{"href":"https:\/\/www.toulouse-tri.com\/index.php?rest_route=\/wp\/v2\/types\/product"}],"wp:featuredmedia":[{"embeddable":true,"href":"https:\/\/www.toulouse-tri.com\/index.php?rest_route=\/wp\/v2\/media\/9030"}],"wp:attachment":[{"href":"https:\/\/www.toulouse-tri.com\/index.php?rest_route=%2Fwp%2Fv2%2Fmedia&parent=9058"}],"wp:term":[{"taxonomy":"product_brand","embeddable":true,"href":"https:\/\/www.toulouse-tri.com\/index.php?rest_route=%2Fwp%2Fv2%2Fproduct_brand&post=9058"},{"taxonomy":"product_cat","embeddable":true,"href":"https:\/\/www.toulouse-tri.com\/index.php?rest_route=%2Fwp%2Fv2%2Fproduct_cat&post=9058"},{"taxonomy":"product_tag","embeddable":true,"href":"https:\/\/www.toulouse-tri.com\/index.php?rest_route=%2Fwp%2Fv2%2Fproduct_tag&post=9058"}],"curies":[{"name":"wp","href":"https:\/\/api.w.org\/{rel}","templated":true}]}}