{"id":8917,"date":"2021-02-22T12:56:08","date_gmt":"2021-02-22T11:56:08","guid":{"rendered":"http:\/\/www.toulouse-tri.com\/?post_type=product&#038;p=8917"},"modified":"2026-03-15T16:02:58","modified_gmt":"2026-03-15T15:02:58","slug":"manchettes","status":"publish","type":"product","link":"https:\/\/www.toulouse-tri.com\/?product=manchettes","title":{"rendered":"Manchettes"},"content":{"rendered":"","protected":false},"excerpt":{"rendered":"<p>Pour se tenir chaud \u00e0 v\u00e9lo comme en course \u00e0 pied&#8230;<\/p>\n<p>Assorties au maillot de course \u00e0 pied et trail et aux anciens maillots v\u00e9lo.<\/p>\n","protected":false},"featured_media":9792,"template":"","meta":{"_links_to":"","_links_to_target":""},"product_brand":[236],"product_cat":[183,163,162],"product_tag":[166],"class_list":{"0":"post-8917","1":"product","2":"type-product","3":"status-publish","4":"has-post-thumbnail","6":"product_brand-m9","7":"product_cat-accessoires","8":"product_cat-course","9":"product_cat-velo","10":"product_tag-bonnes-affaires","12":"first","13":"instock","14":"sale","15":"shipping-taxable","16":"purchasable","17":"product-type-variable"},"yoast_head":"<!-- This site is optimized with the Yoast SEO plugin v27.2 - https:\/\/yoast.com\/product\/yoast-seo-wordpress\/ -->\n<title>Manchettes - Toulouse Triathlon<\/title>\n<meta name=\"robots\" content=\"index, follow, max-snippet:-1, max-image-preview:large, max-video-preview:-1\" \/>\n<link rel=\"canonical\" href=\"https:\/\/www.toulouse-tri.com\/?product=manchettes\" \/>\n<meta property=\"og:locale\" content=\"fr_FR\" \/>\n<meta property=\"og:type\" content=\"article\" \/>\n<meta property=\"og:title\" content=\"Manchettes - Toulouse Triathlon\" \/>\n<meta property=\"og:description\" content=\"Pour se tenir chaud \u00e0 v\u00e9lo comme en course \u00e0 pied...  Assorties au maillot de course \u00e0 pied et trail et aux anciens maillots v\u00e9lo.\" \/>\n<meta property=\"og:url\" content=\"https:\/\/www.toulouse-tri.com\/?product=manchettes\" \/>\n<meta property=\"og:site_name\" content=\"Toulouse Triathlon\" \/>\n<meta property=\"article:modified_time\" content=\"2026-03-15T15:02:58+00:00\" \/>\n<meta property=\"og:image\" content=\"http:\/\/www.toulouse-tri.com\/wp-content\/uploads\/2021\/02\/IMG_6022.jpg\" \/>\n\t<meta property=\"og:image:width\" content=\"640\" \/>\n\t<meta property=\"og:image:height\" content=\"480\" \/>\n\t<meta property=\"og:image:type\" content=\"image\/jpeg\" \/>\n<meta name=\"twitter:card\" content=\"summary_large_image\" \/>\n<meta name=\"twitter:label1\" content=\"Dur\u00e9e de lecture estim\u00e9e\" \/>\n\t<meta name=\"twitter:data1\" content=\"1 minute\" \/>\n<script type=\"application\/ld+json\" class=\"yoast-schema-graph\">{\"@context\":\"https:\/\/schema.org\",\"@graph\":[{\"@type\":\"WebPage\",\"@id\":\"https:\/\/www.toulouse-tri.com\/?product=manchettes\",\"url\":\"https:\/\/www.toulouse-tri.com\/?product=manchettes\",\"name\":\"Manchettes - Toulouse Triathlon\",\"isPartOf\":{\"@id\":\"https:\/\/www.toulouse-tri.com\/#website\"},\"primaryImageOfPage\":{\"@id\":\"https:\/\/www.toulouse-tri.com\/?product=manchettes#primaryimage\"},\"image\":{\"@id\":\"https:\/\/www.toulouse-tri.com\/?product=manchettes#primaryimage\"},\"thumbnailUrl\":\"https:\/\/www.toulouse-tri.com\/wp-content\/uploads\/2021\/02\/IMG_6022.jpg\",\"datePublished\":\"2021-02-22T11:56:08+00:00\",\"dateModified\":\"2026-03-15T15:02:58+00:00\",\"breadcrumb\":{\"@id\":\"https:\/\/www.toulouse-tri.com\/?product=manchettes#breadcrumb\"},\"inLanguage\":\"fr-FR\",\"potentialAction\":[{\"@type\":\"ReadAction\",\"target\":[\"https:\/\/www.toulouse-tri.com\/?product=manchettes\"]}]},{\"@type\":\"ImageObject\",\"inLanguage\":\"fr-FR\",\"@id\":\"https:\/\/www.toulouse-tri.com\/?product=manchettes#primaryimage\",\"url\":\"https:\/\/www.toulouse-tri.com\/wp-content\/uploads\/2021\/02\/IMG_6022.jpg\",\"contentUrl\":\"https:\/\/www.toulouse-tri.com\/wp-content\/uploads\/2021\/02\/IMG_6022.jpg\",\"width\":640,\"height\":480},{\"@type\":\"BreadcrumbList\",\"@id\":\"https:\/\/www.toulouse-tri.com\/?product=manchettes#breadcrumb\",\"itemListElement\":[{\"@type\":\"ListItem\",\"position\":1,\"name\":\"Accueil\",\"item\":\"https:\/\/www.toulouse-tri.com\/\"},{\"@type\":\"ListItem\",\"position\":2,\"name\":\"Boutique\",\"item\":\"https:\/\/www.toulouse-tri.com\/?page_id=8671\"},{\"@type\":\"ListItem\",\"position\":3,\"name\":\"Manchettes\"}]},{\"@type\":\"WebSite\",\"@id\":\"https:\/\/www.toulouse-tri.com\/#website\",\"url\":\"https:\/\/www.toulouse-tri.com\/\",\"name\":\"Toulouse Triathlon\",\"description\":\"Power Meuh\",\"publisher\":{\"@id\":\"https:\/\/www.toulouse-tri.com\/#organization\"},\"potentialAction\":[{\"@type\":\"SearchAction\",\"target\":{\"@type\":\"EntryPoint\",\"urlTemplate\":\"https:\/\/www.toulouse-tri.com\/?s={search_term_string}\"},\"query-input\":{\"@type\":\"PropertyValueSpecification\",\"valueRequired\":true,\"valueName\":\"search_term_string\"}}],\"inLanguage\":\"fr-FR\"},{\"@type\":\"Organization\",\"@id\":\"https:\/\/www.toulouse-tri.com\/#organization\",\"name\":\"Toulouse Triathlon\",\"url\":\"https:\/\/www.toulouse-tri.com\/\",\"logo\":{\"@type\":\"ImageObject\",\"inLanguage\":\"fr-FR\",\"@id\":\"https:\/\/www.toulouse-tri.com\/#\/schema\/logo\/image\/\",\"url\":\"https:\/\/www.toulouse-tri.com\/wp-content\/uploads\/2015\/03\/pwrmeuh.gif\",\"contentUrl\":\"https:\/\/www.toulouse-tri.com\/wp-content\/uploads\/2015\/03\/pwrmeuh.gif\",\"width\":224,\"height\":176,\"caption\":\"Toulouse Triathlon\"},\"image\":{\"@id\":\"https:\/\/www.toulouse-tri.com\/#\/schema\/logo\/image\/\"}}]}<\/script>\n<!-- \/ Yoast SEO plugin. -->","yoast_head_json":{"title":"Manchettes - Toulouse Triathlon","robots":{"index":"index","follow":"follow","max-snippet":"max-snippet:-1","max-image-preview":"max-image-preview:large","max-video-preview":"max-video-preview:-1"},"canonical":"https:\/\/www.toulouse-tri.com\/?product=manchettes","og_locale":"fr_FR","og_type":"article","og_title":"Manchettes - Toulouse Triathlon","og_description":"Pour se tenir chaud \u00e0 v\u00e9lo comme en course \u00e0 pied...  Assorties au maillot de course \u00e0 pied et trail et aux anciens maillots v\u00e9lo.","og_url":"https:\/\/www.toulouse-tri.com\/?product=manchettes","og_site_name":"Toulouse Triathlon","article_modified_time":"2026-03-15T15:02:58+00:00","og_image":[{"width":640,"height":480,"url":"http:\/\/www.toulouse-tri.com\/wp-content\/uploads\/2021\/02\/IMG_6022.jpg","type":"image\/jpeg"}],"twitter_card":"summary_large_image","twitter_misc":{"Dur\u00e9e de lecture estim\u00e9e":"1 minute"},"schema":{"@context":"https:\/\/schema.org","@graph":[{"@type":"WebPage","@id":"https:\/\/www.toulouse-tri.com\/?product=manchettes","url":"https:\/\/www.toulouse-tri.com\/?product=manchettes","name":"Manchettes - Toulouse Triathlon","isPartOf":{"@id":"https:\/\/www.toulouse-tri.com\/#website"},"primaryImageOfPage":{"@id":"https:\/\/www.toulouse-tri.com\/?product=manchettes#primaryimage"},"image":{"@id":"https:\/\/www.toulouse-tri.com\/?product=manchettes#primaryimage"},"thumbnailUrl":"https:\/\/www.toulouse-tri.com\/wp-content\/uploads\/2021\/02\/IMG_6022.jpg","datePublished":"2021-02-22T11:56:08+00:00","dateModified":"2026-03-15T15:02:58+00:00","breadcrumb":{"@id":"https:\/\/www.toulouse-tri.com\/?product=manchettes#breadcrumb"},"inLanguage":"fr-FR","potentialAction":[{"@type":"ReadAction","target":["https:\/\/www.toulouse-tri.com\/?product=manchettes"]}]},{"@type":"ImageObject","inLanguage":"fr-FR","@id":"https:\/\/www.toulouse-tri.com\/?product=manchettes#primaryimage","url":"https:\/\/www.toulouse-tri.com\/wp-content\/uploads\/2021\/02\/IMG_6022.jpg","contentUrl":"https:\/\/www.toulouse-tri.com\/wp-content\/uploads\/2021\/02\/IMG_6022.jpg","width":640,"height":480},{"@type":"BreadcrumbList","@id":"https:\/\/www.toulouse-tri.com\/?product=manchettes#breadcrumb","itemListElement":[{"@type":"ListItem","position":1,"name":"Accueil","item":"https:\/\/www.toulouse-tri.com\/"},{"@type":"ListItem","position":2,"name":"Boutique","item":"https:\/\/www.toulouse-tri.com\/?page_id=8671"},{"@type":"ListItem","position":3,"name":"Manchettes"}]},{"@type":"WebSite","@id":"https:\/\/www.toulouse-tri.com\/#website","url":"https:\/\/www.toulouse-tri.com\/","name":"Toulouse Triathlon","description":"Power Meuh","publisher":{"@id":"https:\/\/www.toulouse-tri.com\/#organization"},"potentialAction":[{"@type":"SearchAction","target":{"@type":"EntryPoint","urlTemplate":"https:\/\/www.toulouse-tri.com\/?s={search_term_string}"},"query-input":{"@type":"PropertyValueSpecification","valueRequired":true,"valueName":"search_term_string"}}],"inLanguage":"fr-FR"},{"@type":"Organization","@id":"https:\/\/www.toulouse-tri.com\/#organization","name":"Toulouse Triathlon","url":"https:\/\/www.toulouse-tri.com\/","logo":{"@type":"ImageObject","inLanguage":"fr-FR","@id":"https:\/\/www.toulouse-tri.com\/#\/schema\/logo\/image\/","url":"https:\/\/www.toulouse-tri.com\/wp-content\/uploads\/2015\/03\/pwrmeuh.gif","contentUrl":"https:\/\/www.toulouse-tri.com\/wp-content\/uploads\/2015\/03\/pwrmeuh.gif","width":224,"height":176,"caption":"Toulouse Triathlon"},"image":{"@id":"https:\/\/www.toulouse-tri.com\/#\/schema\/logo\/image\/"}}]}},"_links":{"self":[{"href":"https:\/\/www.toulouse-tri.com\/index.php?rest_route=\/wp\/v2\/product\/8917","targetHints":{"allow":["GET"]}}],"collection":[{"href":"https:\/\/www.toulouse-tri.com\/index.php?rest_route=\/wp\/v2\/product"}],"about":[{"href":"https:\/\/www.toulouse-tri.com\/index.php?rest_route=\/wp\/v2\/types\/product"}],"wp:featuredmedia":[{"embeddable":true,"href":"https:\/\/www.toulouse-tri.com\/index.php?rest_route=\/wp\/v2\/media\/9792"}],"wp:attachment":[{"href":"https:\/\/www.toulouse-tri.com\/index.php?rest_route=%2Fwp%2Fv2%2Fmedia&parent=8917"}],"wp:term":[{"taxonomy":"product_brand","embeddable":true,"href":"https:\/\/www.toulouse-tri.com\/index.php?rest_route=%2Fwp%2Fv2%2Fproduct_brand&post=8917"},{"taxonomy":"product_cat","embeddable":true,"href":"https:\/\/www.toulouse-tri.com\/index.php?rest_route=%2Fwp%2Fv2%2Fproduct_cat&post=8917"},{"taxonomy":"product_tag","embeddable":true,"href":"https:\/\/www.toulouse-tri.com\/index.php?rest_route=%2Fwp%2Fv2%2Fproduct_tag&post=8917"}],"curies":[{"name":"wp","href":"https:\/\/api.w.org\/{rel}","templated":true}]}}