{"id":8416,"date":"2020-09-23T11:28:39","date_gmt":"2020-09-23T09:28:39","guid":{"rendered":"http:\/\/www.toulouse-tri.com\/?page_id=8416"},"modified":"2025-09-16T12:26:37","modified_gmt":"2025-09-16T10:26:37","slug":"pieces-justificatives","status":"publish","type":"page","link":"https:\/\/www.toulouse-tri.com\/?page_id=8416","title":{"rendered":"Pi\u00e8ces justificatives"},"content":{"rendered":"\n<p>Voici les pi\u00e8ces justificatives qui sont demand\u00e9es <em>pour les non-licenci\u00e9s FF Tri<\/em> :<\/p>\n\n\n\n<ul class=\"wp-block-list\">\n<li>Le <a href=\"http:\/\/www.toulouse-tri.com\/wp-content\/downloads\/Inscription\/Questionnaire_mineur.pdf\">questionnaire m\u00e9dical<\/a> rempli par l&#8217;enfant (ou par ses parents s&#8217;il est trop jeune)<\/li>\n\n\n\n<li>Le <a href=\"http:\/\/www.toulouse-tri.com\/wp-content\/downloads\/Inscription\/Certif_medical_FFTRI.pdf\">certificat m\u00e9dical<\/a> au format FF Triathlon (mais d\u00e9sormais multi-sport) s&#8217;il y a un OUI ou plus dans les r\u00e9ponses au questionnaire ci-dessus<\/li>\n\n\n\n<li>L&#8217;<a href=\"http:\/\/www.toulouse-tri.com\/wp-content\/downloads\/Inscription\/Autorisation_Parentale_Trigoulet.pdf\">autorisation parentale<\/a> obligatoire pour les mineurs<\/li>\n<\/ul>\n\n\n\n<p>Ces pi\u00e8ces sont :<\/p>\n\n\n\n<ul class=\"wp-block-list\">\n<li> Soit \u00e0 <a href=\"mailto:trigoulet@toulouse-tri.com?subject=Documents Trigoulet\">envoyer par mail<\/a> plusieurs jours avant la course, pour qu&#8217;elles soient valid\u00e9s (et vous aurez un retour en cas de probl\u00e8me)<\/li>\n\n\n\n<li>Soit \u00e0 donner lors de la retrait du dossard le jour de la course (pas de pr\u00e9sentation sur le t\u00e9l\u00e9phone, nous devons conserver la copie), avec le risque d&#8217;une impossibilit\u00e9 de prendre le d\u00e9part si les pi\u00e8ces ne sont pas conformes<\/li>\n<\/ul>\n\n\n\n<blockquote class=\"wp-block-quote is-layout-flow wp-block-quote-is-layout-flow\">\n<p>IMPORTANT : le certificat m\u00e9dical doit comporter la mention &#8220;<em>absence de contre-indication \u00e0 la pratique du sport en comp\u00e9tition<\/em>&#8221; ou \u00e0 d\u00e9faut &#8220;<em>du triathlon en comp\u00e9tition<\/em>&#8220;. Sans la mention comp\u00e9tition, ou avec un autre sport, votre enfant ne pourra pas prendre le d\u00e9part&#8230;<\/p>\n<cite>Merci de votre compr\u00e9hension<\/cite><\/blockquote>\n","protected":false},"excerpt":{"rendered":"<p>Voici les pi\u00e8ces justificatives qui sont demand\u00e9es pour les non-licenci\u00e9s FF Tri : Ces pi\u00e8ces sont : IMPORTANT : le certificat m\u00e9dical doit comporter la mention &#8220;absence de contre-indication \u00e0 la pratique du sport en comp\u00e9tition&#8221; ou \u00e0 d\u00e9faut &#8220;du<\/p>\n","protected":false},"author":1,"featured_media":0,"parent":1105,"menu_order":0,"comment_status":"closed","ping_status":"closed","template":"","meta":{"footnotes":"","_links_to":"","_links_to_target":""},"class_list":["post-8416","page","type-page","status-publish","hentry"],"yoast_head":"<!-- This site is optimized with the Yoast SEO plugin v27.4 - https:\/\/yoast.com\/product\/yoast-seo-wordpress\/ -->\n<title>Pi\u00e8ces justificatives - Toulouse Triathlon<\/title>\n<meta name=\"robots\" content=\"index, follow, max-snippet:-1, max-image-preview:large, max-video-preview:-1\" \/>\n<link rel=\"canonical\" href=\"https:\/\/www.toulouse-tri.com\/?page_id=8416\" \/>\n<meta property=\"og:locale\" content=\"fr_FR\" \/>\n<meta property=\"og:type\" content=\"article\" \/>\n<meta property=\"og:title\" content=\"Pi\u00e8ces justificatives - Toulouse Triathlon\" \/>\n<meta property=\"og:description\" content=\"Voici les pi\u00e8ces justificatives qui sont demand\u00e9es pour les non-licenci\u00e9s FF Tri : Ces pi\u00e8ces sont : IMPORTANT : le certificat m\u00e9dical doit comporter la mention &#8220;absence de contre-indication \u00e0 la pratique du sport en comp\u00e9tition&#8221; ou \u00e0 d\u00e9faut &#8220;du\" \/>\n<meta property=\"og:url\" content=\"https:\/\/www.toulouse-tri.com\/?page_id=8416\" \/>\n<meta property=\"og:site_name\" content=\"Toulouse Triathlon\" \/>\n<meta property=\"article:modified_time\" content=\"2025-09-16T10:26:37+00:00\" \/>\n<meta name=\"twitter:card\" content=\"summary_large_image\" \/>\n<meta name=\"twitter:label1\" content=\"Dur\u00e9e de lecture estim\u00e9e\" \/>\n\t<meta name=\"twitter:data1\" content=\"1 minute\" \/>\n<script type=\"application\/ld+json\" class=\"yoast-schema-graph\">{\"@context\":\"https:\\\/\\\/schema.org\",\"@graph\":[{\"@type\":\"WebPage\",\"@id\":\"https:\\\/\\\/www.toulouse-tri.com\\\/?page_id=8416\",\"url\":\"https:\\\/\\\/www.toulouse-tri.com\\\/?page_id=8416\",\"name\":\"Pi\u00e8ces justificatives - Toulouse Triathlon\",\"isPartOf\":{\"@id\":\"https:\\\/\\\/www.toulouse-tri.com\\\/#website\"},\"datePublished\":\"2020-09-23T09:28:39+00:00\",\"dateModified\":\"2025-09-16T10:26:37+00:00\",\"breadcrumb\":{\"@id\":\"https:\\\/\\\/www.toulouse-tri.com\\\/?page_id=8416#breadcrumb\"},\"inLanguage\":\"fr-FR\",\"potentialAction\":[{\"@type\":\"ReadAction\",\"target\":[\"https:\\\/\\\/www.toulouse-tri.com\\\/?page_id=8416\"]}]},{\"@type\":\"BreadcrumbList\",\"@id\":\"https:\\\/\\\/www.toulouse-tri.com\\\/?page_id=8416#breadcrumb\",\"itemListElement\":[{\"@type\":\"ListItem\",\"position\":1,\"name\":\"Accueil\",\"item\":\"https:\\\/\\\/www.toulouse-tri.com\\\/\"},{\"@type\":\"ListItem\",\"position\":2,\"name\":\"Organisations\",\"item\":\"http:\\\/\\\/www.toulouse-tri.com\\\/?page_id=318\"},{\"@type\":\"ListItem\",\"position\":3,\"name\":\"Trigoulet\",\"item\":\"https:\\\/\\\/www.toulouse-tri.com\\\/?page_id=121\"},{\"@type\":\"ListItem\",\"position\":4,\"name\":\"Inscription au Trigoulet\",\"item\":\"https:\\\/\\\/www.toulouse-tri.com\\\/?page_id=1105\"},{\"@type\":\"ListItem\",\"position\":5,\"name\":\"Pi\u00e8ces justificatives\"}]},{\"@type\":\"WebSite\",\"@id\":\"https:\\\/\\\/www.toulouse-tri.com\\\/#website\",\"url\":\"https:\\\/\\\/www.toulouse-tri.com\\\/\",\"name\":\"Toulouse Triathlon\",\"description\":\"Power Meuh\",\"publisher\":{\"@id\":\"https:\\\/\\\/www.toulouse-tri.com\\\/#organization\"},\"potentialAction\":[{\"@type\":\"SearchAction\",\"target\":{\"@type\":\"EntryPoint\",\"urlTemplate\":\"https:\\\/\\\/www.toulouse-tri.com\\\/?s={search_term_string}\"},\"query-input\":{\"@type\":\"PropertyValueSpecification\",\"valueRequired\":true,\"valueName\":\"search_term_string\"}}],\"inLanguage\":\"fr-FR\"},{\"@type\":\"Organization\",\"@id\":\"https:\\\/\\\/www.toulouse-tri.com\\\/#organization\",\"name\":\"Toulouse Triathlon\",\"url\":\"https:\\\/\\\/www.toulouse-tri.com\\\/\",\"logo\":{\"@type\":\"ImageObject\",\"inLanguage\":\"fr-FR\",\"@id\":\"https:\\\/\\\/www.toulouse-tri.com\\\/#\\\/schema\\\/logo\\\/image\\\/\",\"url\":\"https:\\\/\\\/www.toulouse-tri.com\\\/wp-content\\\/uploads\\\/2015\\\/03\\\/pwrmeuh.gif\",\"contentUrl\":\"https:\\\/\\\/www.toulouse-tri.com\\\/wp-content\\\/uploads\\\/2015\\\/03\\\/pwrmeuh.gif\",\"width\":224,\"height\":176,\"caption\":\"Toulouse Triathlon\"},\"image\":{\"@id\":\"https:\\\/\\\/www.toulouse-tri.com\\\/#\\\/schema\\\/logo\\\/image\\\/\"}}]}<\/script>\n<!-- \/ Yoast SEO plugin. -->","yoast_head_json":{"title":"Pi\u00e8ces justificatives - Toulouse Triathlon","robots":{"index":"index","follow":"follow","max-snippet":"max-snippet:-1","max-image-preview":"max-image-preview:large","max-video-preview":"max-video-preview:-1"},"canonical":"https:\/\/www.toulouse-tri.com\/?page_id=8416","og_locale":"fr_FR","og_type":"article","og_title":"Pi\u00e8ces justificatives - Toulouse Triathlon","og_description":"Voici les pi\u00e8ces justificatives qui sont demand\u00e9es pour les non-licenci\u00e9s FF Tri : Ces pi\u00e8ces sont : IMPORTANT : le certificat m\u00e9dical doit comporter la mention &#8220;absence de contre-indication \u00e0 la pratique du sport en comp\u00e9tition&#8221; ou \u00e0 d\u00e9faut &#8220;du","og_url":"https:\/\/www.toulouse-tri.com\/?page_id=8416","og_site_name":"Toulouse Triathlon","article_modified_time":"2025-09-16T10:26:37+00:00","twitter_card":"summary_large_image","twitter_misc":{"Dur\u00e9e de lecture estim\u00e9e":"1 minute"},"schema":{"@context":"https:\/\/schema.org","@graph":[{"@type":"WebPage","@id":"https:\/\/www.toulouse-tri.com\/?page_id=8416","url":"https:\/\/www.toulouse-tri.com\/?page_id=8416","name":"Pi\u00e8ces justificatives - Toulouse Triathlon","isPartOf":{"@id":"https:\/\/www.toulouse-tri.com\/#website"},"datePublished":"2020-09-23T09:28:39+00:00","dateModified":"2025-09-16T10:26:37+00:00","breadcrumb":{"@id":"https:\/\/www.toulouse-tri.com\/?page_id=8416#breadcrumb"},"inLanguage":"fr-FR","potentialAction":[{"@type":"ReadAction","target":["https:\/\/www.toulouse-tri.com\/?page_id=8416"]}]},{"@type":"BreadcrumbList","@id":"https:\/\/www.toulouse-tri.com\/?page_id=8416#breadcrumb","itemListElement":[{"@type":"ListItem","position":1,"name":"Accueil","item":"https:\/\/www.toulouse-tri.com\/"},{"@type":"ListItem","position":2,"name":"Organisations","item":"http:\/\/www.toulouse-tri.com\/?page_id=318"},{"@type":"ListItem","position":3,"name":"Trigoulet","item":"https:\/\/www.toulouse-tri.com\/?page_id=121"},{"@type":"ListItem","position":4,"name":"Inscription au Trigoulet","item":"https:\/\/www.toulouse-tri.com\/?page_id=1105"},{"@type":"ListItem","position":5,"name":"Pi\u00e8ces justificatives"}]},{"@type":"WebSite","@id":"https:\/\/www.toulouse-tri.com\/#website","url":"https:\/\/www.toulouse-tri.com\/","name":"Toulouse Triathlon","description":"Power Meuh","publisher":{"@id":"https:\/\/www.toulouse-tri.com\/#organization"},"potentialAction":[{"@type":"SearchAction","target":{"@type":"EntryPoint","urlTemplate":"https:\/\/www.toulouse-tri.com\/?s={search_term_string}"},"query-input":{"@type":"PropertyValueSpecification","valueRequired":true,"valueName":"search_term_string"}}],"inLanguage":"fr-FR"},{"@type":"Organization","@id":"https:\/\/www.toulouse-tri.com\/#organization","name":"Toulouse Triathlon","url":"https:\/\/www.toulouse-tri.com\/","logo":{"@type":"ImageObject","inLanguage":"fr-FR","@id":"https:\/\/www.toulouse-tri.com\/#\/schema\/logo\/image\/","url":"https:\/\/www.toulouse-tri.com\/wp-content\/uploads\/2015\/03\/pwrmeuh.gif","contentUrl":"https:\/\/www.toulouse-tri.com\/wp-content\/uploads\/2015\/03\/pwrmeuh.gif","width":224,"height":176,"caption":"Toulouse Triathlon"},"image":{"@id":"https:\/\/www.toulouse-tri.com\/#\/schema\/logo\/image\/"}}]}},"_links":{"self":[{"href":"https:\/\/www.toulouse-tri.com\/index.php?rest_route=\/wp\/v2\/pages\/8416","targetHints":{"allow":["GET"]}}],"collection":[{"href":"https:\/\/www.toulouse-tri.com\/index.php?rest_route=\/wp\/v2\/pages"}],"about":[{"href":"https:\/\/www.toulouse-tri.com\/index.php?rest_route=\/wp\/v2\/types\/page"}],"author":[{"embeddable":true,"href":"https:\/\/www.toulouse-tri.com\/index.php?rest_route=\/wp\/v2\/users\/1"}],"replies":[{"embeddable":true,"href":"https:\/\/www.toulouse-tri.com\/index.php?rest_route=%2Fwp%2Fv2%2Fcomments&post=8416"}],"version-history":[{"count":12,"href":"https:\/\/www.toulouse-tri.com\/index.php?rest_route=\/wp\/v2\/pages\/8416\/revisions"}],"predecessor-version":[{"id":15180,"href":"https:\/\/www.toulouse-tri.com\/index.php?rest_route=\/wp\/v2\/pages\/8416\/revisions\/15180"}],"up":[{"embeddable":true,"href":"https:\/\/www.toulouse-tri.com\/index.php?rest_route=\/wp\/v2\/pages\/1105"}],"wp:attachment":[{"href":"https:\/\/www.toulouse-tri.com\/index.php?rest_route=%2Fwp%2Fv2%2Fmedia&parent=8416"}],"curies":[{"name":"wp","href":"https:\/\/api.w.org\/{rel}","templated":true}]}}