{"id":1773,"date":"2016-06-08T22:25:42","date_gmt":"2016-06-08T21:25:42","guid":{"rendered":"http:\/\/www.toulouse-tri.com\/?page_id=1773"},"modified":"2024-03-08T11:12:44","modified_gmt":"2024-03-08T10:12:44","slug":"triathlon-des-roses","status":"publish","type":"page","link":"https:\/\/www.toulouse-tri.com\/?page_id=1773","title":{"rendered":"Triathlon des Roses"},"content":{"rendered":"\n<h2 class=\"wp-block-heading\" id=\"tri-des-roses-triathlon-au-feminin\">Tri des Roses &#8211; Triathlon au F\u00e9minin<\/h2>\n\n\n\n<div class=\"wp-block-buttons is-content-justification-center is-layout-flex wp-container-core-buttons-is-layout-a89b3969 wp-block-buttons-is-layout-flex\">\n<div class=\"wp-block-button\"><a class=\"wp-block-button__link has-background has-text-align-center wp-element-button\" href=\"https:\/\/toulouse.triathlondesroses.fr\/inscriptions\/\" style=\"background-color:#e2007e\" target=\"_blank\" rel=\"noreferrer noopener\">S&#8217;inscrire<\/a><\/div>\n<\/div>\n\n\n\n<h3 class=\"wp-block-heading\" id=\"le-concept\">Le concept<\/h3>\n\n\n\n<p>Depuis 2015, la <strong><a href=\"https:\/\/www.fondation-arc.org\/\">Fondation ARC pour la recherche sur le cancer<\/a><\/strong> organise un triathlon d\u00e9couverte, exclusivement r\u00e9serv\u00e9 aux femmes, dans le but de collecter des fonds pour la recherche sur le cancer du sein.<br>L&#8217;\u00e9v\u00e9nement est d\u00e9sormais un incontournable du calendrier r\u00e9gional, et ce sera d\u00e9j\u00e0 la 9<sup>e<\/sup> \u00e9dition toulousaine le <strong>dimanche 29 septembre 2024<\/strong>, organis\u00e9 par le <strong>Toulouse Triathlon<\/strong> en collaboration la <a href=\"https:\/\/www.triathlonoccitanie.com\/\">Ligue Occitanie de Triathlon<\/a>.<\/p>\n\n\n\n<p>Vous pouvez \u00e9galement retrouver le <a href=\"https:\/\/toulouse.triathlondesroses.fr\/\" target=\"_blank\" rel=\"noopener noreferrer\">site d\u00e9di\u00e9<\/a> h\u00e9berg\u00e9 par la Fondation ARC.<\/p>\n\n\n\n<div class=\"wp-block-columns are-vertically-aligned-center is-layout-flex wp-container-core-columns-is-layout-28f84493 wp-block-columns-is-layout-flex\">\n<div class=\"wp-block-column is-vertically-aligned-center is-layout-flow wp-block-column-is-layout-flow\" style=\"flex-basis:33.33%\">\n<figure class=\"wp-block-video\"><video height=\"1080\" style=\"aspect-ratio: 1920 \/ 1080;\" width=\"1920\" autoplay controls muted poster=\"http:\/\/www.toulouse-tri.com\/wp-content\/uploads\/2017\/12\/Triathlon-des-Roses.jpg\" preload=\"auto\" src=\"http:\/\/www.toulouse-tri.com\/wp-content\/uploads\/2021\/09\/2021-09-26-151440.mp4\" playsinline><\/video><figcaption class=\"wp-element-caption\"><em><mark style=\"background-color:rgba(0, 0, 0, 0);color:#e2007e\" class=\"has-inline-color\">L\u2019ambiance du Triathlon des Roses 2021<\/mark><\/em><\/figcaption><\/figure>\n<\/div>\n\n\n\n<div class=\"wp-block-column is-vertically-aligned-center is-layout-flow wp-block-column-is-layout-flow\" style=\"flex-basis:66.66%\">\n<h3 class=\"wp-block-heading\" id=\"le-format-1\">Le format<\/h3>\n\n\n\n<p>Afin de permettre \u00e0 toutes de d\u00e9couvrir le triathlon et de se faire plaisir en pratiquant le triple effort, le format est court, donc <strong>accessible \u00e0 toutes d\u00e8s 12 ans<\/strong>.<strong><br><\/strong>La course peut se faire en individuelle (la participante fait les trois sports \u00e0 la suite) ou en relais \u00e0 2 ou \u00e0 3, chaque participante du relais faisant l&#8217;un ou deux des trois sports. Les relais peuvent \u00eatre mixtes, mais dans ce cas, ils ne sont plus \u00e9ligibles aux r\u00e9compenses.<\/p>\n<\/div>\n<\/div>\n\n\n\n<h3 class=\"wp-block-heading\" id=\"la-complementarite\">La compl\u00e9mentarit\u00e9<\/h3>\n\n\n\n<p>Le <strong>Triathlon des Roses<\/strong> pour les femmes et le <strong><a href=\"https:\/\/www.toulouse-tri.com\/trigoulet\/\">Trigoulet<\/a><\/strong> pour les jeunes sont l&#8217;occasion r\u00eav\u00e9e pour faire un triathlon en famille :<\/p>\n\n\n\n<ul class=\"wp-block-list\">\n<li>Ils se d\u00e9roulent au m\u00eame endroit et le m\u00eame jour (les jeunes le matin, les femmes l&#8217;apr\u00e8s-midi)<\/li>\n\n\n\n<li>La maman pour courir pour une bonne cause, une course 100% d\u00e9di\u00e9e \u00e0 la recherche sur le cancer<\/li>\n\n\n\n<li>Les enfants peuvent se d\u00e9fouler la journ\u00e9e dans un cadre id\u00e9al pour pratiquer le triathlon<\/li>\n\n\n\n<li>Une buvette est pr\u00e9sente sur le village avec des sandwiches, des cr\u00eapes et toutes les boissons chaudes et froides<\/li>\n<\/ul>\n\n\n\n<figure class=\"wp-block-video\"><video height=\"720\" style=\"aspect-ratio: 1280 \/ 720;\" width=\"1280\" controls src=\"http:\/\/www.toulouse-tri.com\/wp-content\/uploads\/2024\/03\/2024-TdR-Toulouse-Teaser-video.mp4\"><\/video><\/figure>\n","protected":false},"excerpt":{"rendered":"<p>Tous les d\u00e9tails sur ce triathlon d\u00e9couverte au profit d&#8217;une bonne cause<\/p>\n","protected":false},"author":1,"featured_media":13800,"parent":70,"menu_order":0,"comment_status":"closed","ping_status":"closed","template":"","meta":{"footnotes":"","_links_to":"","_links_to_target":""},"class_list":["post-1773","page","type-page","status-publish","has-post-thumbnail","hentry"],"yoast_head":"<!-- This site is optimized with the Yoast SEO plugin v27.4 - https:\/\/yoast.com\/product\/yoast-seo-wordpress\/ -->\n<title>Triathlon des Roses - Toulouse Triathlon<\/title>\n<meta name=\"robots\" content=\"index, follow, max-snippet:-1, max-image-preview:large, max-video-preview:-1\" \/>\n<link rel=\"canonical\" href=\"https:\/\/www.toulouse-tri.com\/?page_id=1773\" \/>\n<meta property=\"og:locale\" content=\"fr_FR\" \/>\n<meta property=\"og:type\" content=\"article\" \/>\n<meta property=\"og:title\" content=\"Triathlon des Roses - Toulouse Triathlon\" \/>\n<meta property=\"og:description\" content=\"Tous les d\u00e9tails sur ce triathlon d\u00e9couverte au profit d&#039;une bonne cause\" \/>\n<meta property=\"og:url\" content=\"https:\/\/www.toulouse-tri.com\/?page_id=1773\" \/>\n<meta property=\"og:site_name\" content=\"Toulouse Triathlon\" \/>\n<meta property=\"article:modified_time\" content=\"2024-03-08T10:12:44+00:00\" \/>\n<meta property=\"og:image\" content=\"http:\/\/www.toulouse-tri.com\/wp-content\/uploads\/2024\/03\/Tri-des-Roses.jpg\" \/>\n\t<meta property=\"og:image:width\" content=\"1209\" \/>\n\t<meta property=\"og:image:height\" content=\"567\" \/>\n\t<meta property=\"og:image:type\" content=\"image\/jpeg\" \/>\n<meta name=\"twitter:card\" content=\"summary_large_image\" \/>\n<meta name=\"twitter:label1\" content=\"Dur\u00e9e de lecture estim\u00e9e\" \/>\n\t<meta name=\"twitter:data1\" content=\"2 minutes\" \/>\n<script type=\"application\/ld+json\" class=\"yoast-schema-graph\">{\"@context\":\"https:\\\/\\\/schema.org\",\"@graph\":[{\"@type\":\"WebPage\",\"@id\":\"https:\\\/\\\/www.toulouse-tri.com\\\/?page_id=1773\",\"url\":\"https:\\\/\\\/www.toulouse-tri.com\\\/?page_id=1773\",\"name\":\"Triathlon des Roses - Toulouse Triathlon\",\"isPartOf\":{\"@id\":\"https:\\\/\\\/www.toulouse-tri.com\\\/#website\"},\"primaryImageOfPage\":{\"@id\":\"https:\\\/\\\/www.toulouse-tri.com\\\/?page_id=1773#primaryimage\"},\"image\":{\"@id\":\"https:\\\/\\\/www.toulouse-tri.com\\\/?page_id=1773#primaryimage\"},\"thumbnailUrl\":\"https:\\\/\\\/www.toulouse-tri.com\\\/wp-content\\\/uploads\\\/2024\\\/03\\\/Tri-des-Roses.jpg\",\"datePublished\":\"2016-06-08T21:25:42+00:00\",\"dateModified\":\"2024-03-08T10:12:44+00:00\",\"breadcrumb\":{\"@id\":\"https:\\\/\\\/www.toulouse-tri.com\\\/?page_id=1773#breadcrumb\"},\"inLanguage\":\"fr-FR\",\"potentialAction\":[{\"@type\":\"ReadAction\",\"target\":[\"https:\\\/\\\/www.toulouse-tri.com\\\/?page_id=1773\"]}]},{\"@type\":\"ImageObject\",\"inLanguage\":\"fr-FR\",\"@id\":\"https:\\\/\\\/www.toulouse-tri.com\\\/?page_id=1773#primaryimage\",\"url\":\"https:\\\/\\\/www.toulouse-tri.com\\\/wp-content\\\/uploads\\\/2024\\\/03\\\/Tri-des-Roses.jpg\",\"contentUrl\":\"https:\\\/\\\/www.toulouse-tri.com\\\/wp-content\\\/uploads\\\/2024\\\/03\\\/Tri-des-Roses.jpg\",\"width\":1209,\"height\":567},{\"@type\":\"BreadcrumbList\",\"@id\":\"https:\\\/\\\/www.toulouse-tri.com\\\/?page_id=1773#breadcrumb\",\"itemListElement\":[{\"@type\":\"ListItem\",\"position\":1,\"name\":\"Accueil\",\"item\":\"https:\\\/\\\/www.toulouse-tri.com\\\/\"},{\"@type\":\"ListItem\",\"position\":2,\"name\":\"Organisations\",\"item\":\"http:\\\/\\\/www.toulouse-tri.com\\\/?page_id=318\"},{\"@type\":\"ListItem\",\"position\":3,\"name\":\"Triathlon des Roses\"}]},{\"@type\":\"WebSite\",\"@id\":\"https:\\\/\\\/www.toulouse-tri.com\\\/#website\",\"url\":\"https:\\\/\\\/www.toulouse-tri.com\\\/\",\"name\":\"Toulouse Triathlon\",\"description\":\"Power Meuh\",\"publisher\":{\"@id\":\"https:\\\/\\\/www.toulouse-tri.com\\\/#organization\"},\"potentialAction\":[{\"@type\":\"SearchAction\",\"target\":{\"@type\":\"EntryPoint\",\"urlTemplate\":\"https:\\\/\\\/www.toulouse-tri.com\\\/?s={search_term_string}\"},\"query-input\":{\"@type\":\"PropertyValueSpecification\",\"valueRequired\":true,\"valueName\":\"search_term_string\"}}],\"inLanguage\":\"fr-FR\"},{\"@type\":\"Organization\",\"@id\":\"https:\\\/\\\/www.toulouse-tri.com\\\/#organization\",\"name\":\"Toulouse Triathlon\",\"url\":\"https:\\\/\\\/www.toulouse-tri.com\\\/\",\"logo\":{\"@type\":\"ImageObject\",\"inLanguage\":\"fr-FR\",\"@id\":\"https:\\\/\\\/www.toulouse-tri.com\\\/#\\\/schema\\\/logo\\\/image\\\/\",\"url\":\"https:\\\/\\\/www.toulouse-tri.com\\\/wp-content\\\/uploads\\\/2015\\\/03\\\/pwrmeuh.gif\",\"contentUrl\":\"https:\\\/\\\/www.toulouse-tri.com\\\/wp-content\\\/uploads\\\/2015\\\/03\\\/pwrmeuh.gif\",\"width\":224,\"height\":176,\"caption\":\"Toulouse Triathlon\"},\"image\":{\"@id\":\"https:\\\/\\\/www.toulouse-tri.com\\\/#\\\/schema\\\/logo\\\/image\\\/\"}}]}<\/script>\n<!-- \/ Yoast SEO plugin. -->","yoast_head_json":{"title":"Triathlon des Roses - Toulouse Triathlon","robots":{"index":"index","follow":"follow","max-snippet":"max-snippet:-1","max-image-preview":"max-image-preview:large","max-video-preview":"max-video-preview:-1"},"canonical":"https:\/\/www.toulouse-tri.com\/?page_id=1773","og_locale":"fr_FR","og_type":"article","og_title":"Triathlon des Roses - Toulouse Triathlon","og_description":"Tous les d\u00e9tails sur ce triathlon d\u00e9couverte au profit d'une bonne cause","og_url":"https:\/\/www.toulouse-tri.com\/?page_id=1773","og_site_name":"Toulouse Triathlon","article_modified_time":"2024-03-08T10:12:44+00:00","og_image":[{"width":1209,"height":567,"url":"http:\/\/www.toulouse-tri.com\/wp-content\/uploads\/2024\/03\/Tri-des-Roses.jpg","type":"image\/jpeg"}],"twitter_card":"summary_large_image","twitter_misc":{"Dur\u00e9e de lecture estim\u00e9e":"2 minutes"},"schema":{"@context":"https:\/\/schema.org","@graph":[{"@type":"WebPage","@id":"https:\/\/www.toulouse-tri.com\/?page_id=1773","url":"https:\/\/www.toulouse-tri.com\/?page_id=1773","name":"Triathlon des Roses - Toulouse Triathlon","isPartOf":{"@id":"https:\/\/www.toulouse-tri.com\/#website"},"primaryImageOfPage":{"@id":"https:\/\/www.toulouse-tri.com\/?page_id=1773#primaryimage"},"image":{"@id":"https:\/\/www.toulouse-tri.com\/?page_id=1773#primaryimage"},"thumbnailUrl":"https:\/\/www.toulouse-tri.com\/wp-content\/uploads\/2024\/03\/Tri-des-Roses.jpg","datePublished":"2016-06-08T21:25:42+00:00","dateModified":"2024-03-08T10:12:44+00:00","breadcrumb":{"@id":"https:\/\/www.toulouse-tri.com\/?page_id=1773#breadcrumb"},"inLanguage":"fr-FR","potentialAction":[{"@type":"ReadAction","target":["https:\/\/www.toulouse-tri.com\/?page_id=1773"]}]},{"@type":"ImageObject","inLanguage":"fr-FR","@id":"https:\/\/www.toulouse-tri.com\/?page_id=1773#primaryimage","url":"https:\/\/www.toulouse-tri.com\/wp-content\/uploads\/2024\/03\/Tri-des-Roses.jpg","contentUrl":"https:\/\/www.toulouse-tri.com\/wp-content\/uploads\/2024\/03\/Tri-des-Roses.jpg","width":1209,"height":567},{"@type":"BreadcrumbList","@id":"https:\/\/www.toulouse-tri.com\/?page_id=1773#breadcrumb","itemListElement":[{"@type":"ListItem","position":1,"name":"Accueil","item":"https:\/\/www.toulouse-tri.com\/"},{"@type":"ListItem","position":2,"name":"Organisations","item":"http:\/\/www.toulouse-tri.com\/?page_id=318"},{"@type":"ListItem","position":3,"name":"Triathlon des Roses"}]},{"@type":"WebSite","@id":"https:\/\/www.toulouse-tri.com\/#website","url":"https:\/\/www.toulouse-tri.com\/","name":"Toulouse Triathlon","description":"Power Meuh","publisher":{"@id":"https:\/\/www.toulouse-tri.com\/#organization"},"potentialAction":[{"@type":"SearchAction","target":{"@type":"EntryPoint","urlTemplate":"https:\/\/www.toulouse-tri.com\/?s={search_term_string}"},"query-input":{"@type":"PropertyValueSpecification","valueRequired":true,"valueName":"search_term_string"}}],"inLanguage":"fr-FR"},{"@type":"Organization","@id":"https:\/\/www.toulouse-tri.com\/#organization","name":"Toulouse Triathlon","url":"https:\/\/www.toulouse-tri.com\/","logo":{"@type":"ImageObject","inLanguage":"fr-FR","@id":"https:\/\/www.toulouse-tri.com\/#\/schema\/logo\/image\/","url":"https:\/\/www.toulouse-tri.com\/wp-content\/uploads\/2015\/03\/pwrmeuh.gif","contentUrl":"https:\/\/www.toulouse-tri.com\/wp-content\/uploads\/2015\/03\/pwrmeuh.gif","width":224,"height":176,"caption":"Toulouse Triathlon"},"image":{"@id":"https:\/\/www.toulouse-tri.com\/#\/schema\/logo\/image\/"}}]}},"_links":{"self":[{"href":"https:\/\/www.toulouse-tri.com\/index.php?rest_route=\/wp\/v2\/pages\/1773","targetHints":{"allow":["GET"]}}],"collection":[{"href":"https:\/\/www.toulouse-tri.com\/index.php?rest_route=\/wp\/v2\/pages"}],"about":[{"href":"https:\/\/www.toulouse-tri.com\/index.php?rest_route=\/wp\/v2\/types\/page"}],"author":[{"embeddable":true,"href":"https:\/\/www.toulouse-tri.com\/index.php?rest_route=\/wp\/v2\/users\/1"}],"replies":[{"embeddable":true,"href":"https:\/\/www.toulouse-tri.com\/index.php?rest_route=%2Fwp%2Fv2%2Fcomments&post=1773"}],"version-history":[{"count":38,"href":"https:\/\/www.toulouse-tri.com\/index.php?rest_route=\/wp\/v2\/pages\/1773\/revisions"}],"predecessor-version":[{"id":13799,"href":"https:\/\/www.toulouse-tri.com\/index.php?rest_route=\/wp\/v2\/pages\/1773\/revisions\/13799"}],"up":[{"embeddable":true,"href":"https:\/\/www.toulouse-tri.com\/index.php?rest_route=\/wp\/v2\/pages\/70"}],"wp:featuredmedia":[{"embeddable":true,"href":"https:\/\/www.toulouse-tri.com\/index.php?rest_route=\/wp\/v2\/media\/13800"}],"wp:attachment":[{"href":"https:\/\/www.toulouse-tri.com\/index.php?rest_route=%2Fwp%2Fv2%2Fmedia&parent=1773"}],"curies":[{"name":"wp","href":"https:\/\/api.w.org\/{rel}","templated":true}]}}