{"id":1722,"date":"2017-02-20T10:00:07","date_gmt":"2017-02-20T09:00:07","guid":{"rendered":"http:\/\/www.toulouse-tri.com\/?page_id=1722"},"modified":"2019-03-05T18:29:24","modified_gmt":"2019-03-05T17:29:24","slug":"stage-perigord","status":"publish","type":"page","link":"https:\/\/www.toulouse-tri.com\/?page_id=1722","title":{"rendered":"Stage P\u00e9rigord 2019"},"content":{"rendered":"<h3 style=\"text-align: center;\">Stage pour tous au P\u00e9rigord<br \/>\nMercredi 5 au dimanche 9 juin 2019<\/h3>\n<blockquote><p>En guise d&#8217;amuse-bouche, vous pouvez commencer par le <a href=\"http:\/\/www.toulouse-tri.com\/?p=2706\" target=\"_blank\" rel=\"noopener\"><span style=\"text-decoration: underline;\">compte-rendu complet<\/span><\/a> du stage version 2017.<\/p><\/blockquote>\n<h4>En un mot<\/h4>\n<p>Ce dernier stage de l&#8217;ann\u00e9e est ouvert \u00e0 toutes et tous, sans condition de niveau.<\/p>\n<p>Il aura lieu comme tous les ans au <a href=\"https:\/\/www.campingledouzou.fr\/\" target=\"_blank\" rel=\"noopener\"><span style=\"text-decoration: underline;\"><strong>camping le Douzou<\/strong><\/span><\/a>, en Dordogne, du vendredi soir au lundi en d\u00e9but d&#8217;apr\u00e8s-midi (histoire de finir par un bon resto ensemble).<br \/>\nLe rendez-vous est fix\u00e9 sur place mercredi 5 juin \u00e0 19h au plus tard, apr\u00e8s environ 1h45 de route.<\/p>\n<p>L&#8217;h\u00e9bergement est en <strong>mobile-home<\/strong> dans un camping 3* o\u00f9 les petits plats valent le d\u00e9tour (et pas seulement les lasagnes !).<\/p>\n<p>Le prix du stage, tout inclus, est en cours de calcul (pour info en 2018 c&#8217;\u00e9tait <span style=\"color: #800080;\"><strong>258 \u20ac<\/strong><\/span>).<\/p>\n<h3>S&#8217;inscrire et payer<\/h3>\n<p>Attention : l&#8217;inscription ne sera effective qu&#8217;apr\u00e8s r\u00e9ception de l\u2019acompte, qui est un ch\u00e8que <span style=\"text-decoration: underline;\">non remboursable<\/span> de 60\u20ac \u00e0 l\u2019ordre du \u00ab Camping le Douzou \u00bb et qui correspond au prix de l&#8217;h\u00e9bergement.<\/p>\n<p>Le solde est \u00e0 r\u00e9gler au plus tard deux semaines avant le stage \u00e0 Bastien.<\/p>\n<h3>Le mat\u00e9riel<\/h3>\n<p>Attention \u00e0 bien lire la <a href=\"http:\/\/www.toulouse-tri.com\/wp-content\/uploads\/2016\/05\/Stage-P\u00e9rigord-Liste-mat\u00e9riel-2017.pdf\"><span style=\"text-decoration: underline;\">liste de tout le mat\u00e9riel n\u00e9cessaire<\/span><\/a> pour que le week-end se passe dans de bonnes conditions.<\/p>\n<h3>Et pour plus d&#8217;infos&#8230;<\/h3>\n<p>Contacter <a href=\"https:\/\/www.toulouse-tri.com\/?page_id=268&amp;um_user=459\" target=\"_blank\" rel=\"noopener\">Coach Bastien.<\/a><\/p>\n<h3>Bonus : la pr\u00e9paration<\/h3>\n<p>Si vous \u00e9coutiez NRJ dans les ann\u00e9es 90, vous connaissez d\u00e9j\u00e0 plein de rimes en -or&#8230;<br \/>\nEt sinon, s\u00e9ance de rattrapage :<\/p>\n<p style=\"text-align: center;\">https:\/\/www.youtube.com\/watch?v=OG0KKKMEatc<\/p>\n","protected":false},"excerpt":{"rendered":"<p>Stage pour tous au P\u00e9rigord Mercredi 5 au dimanche 9 juin 2019 En guise d&#8217;amuse-bouche, vous pouvez commencer par le compte-rendu complet du stage version 2017. En un mot Ce dernier stage de l&#8217;ann\u00e9e est ouvert \u00e0 toutes et tous,<\/p>\n","protected":false},"author":1,"featured_media":0,"parent":1721,"menu_order":0,"comment_status":"closed","ping_status":"closed","template":"","meta":{"footnotes":"","_links_to":"","_links_to_target":""},"class_list":["post-1722","page","type-page","status-publish","hentry"],"yoast_head":"<!-- This site is optimized with the Yoast SEO plugin v27.4 - https:\/\/yoast.com\/product\/yoast-seo-wordpress\/ -->\n<title>Stage P\u00e9rigord 2019 - Toulouse Triathlon<\/title>\n<meta name=\"robots\" content=\"index, follow, max-snippet:-1, max-image-preview:large, max-video-preview:-1\" \/>\n<link rel=\"canonical\" href=\"https:\/\/www.toulouse-tri.com\/?page_id=1722\" \/>\n<meta property=\"og:locale\" content=\"fr_FR\" \/>\n<meta property=\"og:type\" content=\"article\" \/>\n<meta property=\"og:title\" content=\"Stage P\u00e9rigord 2019 - Toulouse Triathlon\" \/>\n<meta property=\"og:description\" content=\"Stage pour tous au P\u00e9rigord Mercredi 5 au dimanche 9 juin 2019 En guise d&#8217;amuse-bouche, vous pouvez commencer par le compte-rendu complet du stage version 2017. En un mot Ce dernier stage de l&#8217;ann\u00e9e est ouvert \u00e0 toutes et tous,\" \/>\n<meta property=\"og:url\" content=\"https:\/\/www.toulouse-tri.com\/?page_id=1722\" \/>\n<meta property=\"og:site_name\" content=\"Toulouse Triathlon\" \/>\n<meta property=\"article:modified_time\" content=\"2019-03-05T17:29:24+00:00\" \/>\n<meta name=\"twitter:card\" content=\"summary_large_image\" \/>\n<meta name=\"twitter:label1\" content=\"Dur\u00e9e de lecture estim\u00e9e\" \/>\n\t<meta name=\"twitter:data1\" content=\"1 minute\" \/>\n<script type=\"application\/ld+json\" class=\"yoast-schema-graph\">{\"@context\":\"https:\\\/\\\/schema.org\",\"@graph\":[{\"@type\":\"WebPage\",\"@id\":\"https:\\\/\\\/www.toulouse-tri.com\\\/?page_id=1722\",\"url\":\"https:\\\/\\\/www.toulouse-tri.com\\\/?page_id=1722\",\"name\":\"Stage P\u00e9rigord 2019 - Toulouse Triathlon\",\"isPartOf\":{\"@id\":\"https:\\\/\\\/www.toulouse-tri.com\\\/#website\"},\"datePublished\":\"2017-02-20T09:00:07+00:00\",\"dateModified\":\"2019-03-05T17:29:24+00:00\",\"breadcrumb\":{\"@id\":\"https:\\\/\\\/www.toulouse-tri.com\\\/?page_id=1722#breadcrumb\"},\"inLanguage\":\"fr-FR\",\"potentialAction\":[{\"@type\":\"ReadAction\",\"target\":[\"https:\\\/\\\/www.toulouse-tri.com\\\/?page_id=1722\"]}]},{\"@type\":\"BreadcrumbList\",\"@id\":\"https:\\\/\\\/www.toulouse-tri.com\\\/?page_id=1722#breadcrumb\",\"itemListElement\":[{\"@type\":\"ListItem\",\"position\":1,\"name\":\"Accueil\",\"item\":\"https:\\\/\\\/www.toulouse-tri.com\\\/\"},{\"@type\":\"ListItem\",\"position\":2,\"name\":\"Stages\",\"item\":\"https:\\\/\\\/www.toulouse-tri.com\\\/?page_id=1721\"},{\"@type\":\"ListItem\",\"position\":3,\"name\":\"Stage P\u00e9rigord 2019\"}]},{\"@type\":\"WebSite\",\"@id\":\"https:\\\/\\\/www.toulouse-tri.com\\\/#website\",\"url\":\"https:\\\/\\\/www.toulouse-tri.com\\\/\",\"name\":\"Toulouse Triathlon\",\"description\":\"Power Meuh\",\"publisher\":{\"@id\":\"https:\\\/\\\/www.toulouse-tri.com\\\/#organization\"},\"potentialAction\":[{\"@type\":\"SearchAction\",\"target\":{\"@type\":\"EntryPoint\",\"urlTemplate\":\"https:\\\/\\\/www.toulouse-tri.com\\\/?s={search_term_string}\"},\"query-input\":{\"@type\":\"PropertyValueSpecification\",\"valueRequired\":true,\"valueName\":\"search_term_string\"}}],\"inLanguage\":\"fr-FR\"},{\"@type\":\"Organization\",\"@id\":\"https:\\\/\\\/www.toulouse-tri.com\\\/#organization\",\"name\":\"Toulouse Triathlon\",\"url\":\"https:\\\/\\\/www.toulouse-tri.com\\\/\",\"logo\":{\"@type\":\"ImageObject\",\"inLanguage\":\"fr-FR\",\"@id\":\"https:\\\/\\\/www.toulouse-tri.com\\\/#\\\/schema\\\/logo\\\/image\\\/\",\"url\":\"https:\\\/\\\/www.toulouse-tri.com\\\/wp-content\\\/uploads\\\/2015\\\/03\\\/pwrmeuh.gif\",\"contentUrl\":\"https:\\\/\\\/www.toulouse-tri.com\\\/wp-content\\\/uploads\\\/2015\\\/03\\\/pwrmeuh.gif\",\"width\":224,\"height\":176,\"caption\":\"Toulouse Triathlon\"},\"image\":{\"@id\":\"https:\\\/\\\/www.toulouse-tri.com\\\/#\\\/schema\\\/logo\\\/image\\\/\"}}]}<\/script>\n<!-- \/ Yoast SEO plugin. -->","yoast_head_json":{"title":"Stage P\u00e9rigord 2019 - Toulouse Triathlon","robots":{"index":"index","follow":"follow","max-snippet":"max-snippet:-1","max-image-preview":"max-image-preview:large","max-video-preview":"max-video-preview:-1"},"canonical":"https:\/\/www.toulouse-tri.com\/?page_id=1722","og_locale":"fr_FR","og_type":"article","og_title":"Stage P\u00e9rigord 2019 - Toulouse Triathlon","og_description":"Stage pour tous au P\u00e9rigord Mercredi 5 au dimanche 9 juin 2019 En guise d&#8217;amuse-bouche, vous pouvez commencer par le compte-rendu complet du stage version 2017. En un mot Ce dernier stage de l&#8217;ann\u00e9e est ouvert \u00e0 toutes et tous,","og_url":"https:\/\/www.toulouse-tri.com\/?page_id=1722","og_site_name":"Toulouse Triathlon","article_modified_time":"2019-03-05T17:29:24+00:00","twitter_card":"summary_large_image","twitter_misc":{"Dur\u00e9e de lecture estim\u00e9e":"1 minute"},"schema":{"@context":"https:\/\/schema.org","@graph":[{"@type":"WebPage","@id":"https:\/\/www.toulouse-tri.com\/?page_id=1722","url":"https:\/\/www.toulouse-tri.com\/?page_id=1722","name":"Stage P\u00e9rigord 2019 - Toulouse Triathlon","isPartOf":{"@id":"https:\/\/www.toulouse-tri.com\/#website"},"datePublished":"2017-02-20T09:00:07+00:00","dateModified":"2019-03-05T17:29:24+00:00","breadcrumb":{"@id":"https:\/\/www.toulouse-tri.com\/?page_id=1722#breadcrumb"},"inLanguage":"fr-FR","potentialAction":[{"@type":"ReadAction","target":["https:\/\/www.toulouse-tri.com\/?page_id=1722"]}]},{"@type":"BreadcrumbList","@id":"https:\/\/www.toulouse-tri.com\/?page_id=1722#breadcrumb","itemListElement":[{"@type":"ListItem","position":1,"name":"Accueil","item":"https:\/\/www.toulouse-tri.com\/"},{"@type":"ListItem","position":2,"name":"Stages","item":"https:\/\/www.toulouse-tri.com\/?page_id=1721"},{"@type":"ListItem","position":3,"name":"Stage P\u00e9rigord 2019"}]},{"@type":"WebSite","@id":"https:\/\/www.toulouse-tri.com\/#website","url":"https:\/\/www.toulouse-tri.com\/","name":"Toulouse Triathlon","description":"Power Meuh","publisher":{"@id":"https:\/\/www.toulouse-tri.com\/#organization"},"potentialAction":[{"@type":"SearchAction","target":{"@type":"EntryPoint","urlTemplate":"https:\/\/www.toulouse-tri.com\/?s={search_term_string}"},"query-input":{"@type":"PropertyValueSpecification","valueRequired":true,"valueName":"search_term_string"}}],"inLanguage":"fr-FR"},{"@type":"Organization","@id":"https:\/\/www.toulouse-tri.com\/#organization","name":"Toulouse Triathlon","url":"https:\/\/www.toulouse-tri.com\/","logo":{"@type":"ImageObject","inLanguage":"fr-FR","@id":"https:\/\/www.toulouse-tri.com\/#\/schema\/logo\/image\/","url":"https:\/\/www.toulouse-tri.com\/wp-content\/uploads\/2015\/03\/pwrmeuh.gif","contentUrl":"https:\/\/www.toulouse-tri.com\/wp-content\/uploads\/2015\/03\/pwrmeuh.gif","width":224,"height":176,"caption":"Toulouse Triathlon"},"image":{"@id":"https:\/\/www.toulouse-tri.com\/#\/schema\/logo\/image\/"}}]}},"_links":{"self":[{"href":"https:\/\/www.toulouse-tri.com\/index.php?rest_route=\/wp\/v2\/pages\/1722","targetHints":{"allow":["GET"]}}],"collection":[{"href":"https:\/\/www.toulouse-tri.com\/index.php?rest_route=\/wp\/v2\/pages"}],"about":[{"href":"https:\/\/www.toulouse-tri.com\/index.php?rest_route=\/wp\/v2\/types\/page"}],"author":[{"embeddable":true,"href":"https:\/\/www.toulouse-tri.com\/index.php?rest_route=\/wp\/v2\/users\/1"}],"replies":[{"embeddable":true,"href":"https:\/\/www.toulouse-tri.com\/index.php?rest_route=%2Fwp%2Fv2%2Fcomments&post=1722"}],"version-history":[{"count":36,"href":"https:\/\/www.toulouse-tri.com\/index.php?rest_route=\/wp\/v2\/pages\/1722\/revisions"}],"predecessor-version":[{"id":6201,"href":"https:\/\/www.toulouse-tri.com\/index.php?rest_route=\/wp\/v2\/pages\/1722\/revisions\/6201"}],"up":[{"embeddable":true,"href":"https:\/\/www.toulouse-tri.com\/index.php?rest_route=\/wp\/v2\/pages\/1721"}],"wp:attachment":[{"href":"https:\/\/www.toulouse-tri.com\/index.php?rest_route=%2Fwp%2Fv2%2Fmedia&parent=1722"}],"curies":[{"name":"wp","href":"https:\/\/api.w.org\/{rel}","templated":true}]}}